CRAN Package Check Results for Package bubbleHeatmap

Last updated on 2024-06-24 06:49:07 CEST.

Flavor Version Tinstall Tcheck Ttotal Status Flags
r-devel-linux-x86_64-debian-clang 0.1.1 4.99 45.18 50.17 NOTE
r-devel-linux-x86_64-debian-gcc 0.1.1 3.53 33.97 37.50 NOTE
r-devel-linux-x86_64-fedora-clang 0.1.1 64.42 NOTE
r-devel-linux-x86_64-fedora-gcc 0.1.1 73.41 NOTE
r-devel-windows-x86_64 0.1.1 5.00 54.00 59.00 NOTE
r-patched-linux-x86_64 0.1.1 5.56 44.54 50.10 NOTE
r-release-linux-x86_64 0.1.1 4.03 43.64 47.67 NOTE
r-release-macos-arm64 0.1.1 28.00 NOTE
r-release-macos-x86_64 0.1.1 43.00 NOTE
r-release-windows-x86_64 0.1.1 5.00 54.00 59.00 NOTE
r-oldrel-macos-arm64 0.1.1 29.00 OK
r-oldrel-macos-x86_64 0.1.1 89.00 OK
r-oldrel-windows-x86_64 0.1.1 5.00 59.00 64.00 OK

Check Details

Version: 0.1.1
Check: Rd files
Result: NOTE checkRd: (-1) bubbleHMLegends.Rd:42: Lost braces; missing escapes or markup? 42 | function. If {sizeBreaks} vector is supplied then this will be ignored and | ^ checkRd: (-1) bubbleHeatmap.Rd:96: Lost braces; missing escapes or markup? 96 | function. If {sizeBreaks} vector is supplied then this will be ignored and | ^ checkRd: (-1) multiPlotInput.Rd:117: Lost braces; missing escapes or markup? 117 | \code{unitBase}. This will be supplied to pretty function. If {sizeBreaks} is | ^ Flavors: r-devel-linux-x86_64-debian-clang, r-devel-linux-x86_64-debian-gcc, r-devel-linux-x86_64-fedora-clang, r-devel-linux-x86_64-fedora-gcc, r-devel-windows-x86_64, r-patched-linux-x86_64, r-release-linux-x86_64, r-release-macos-arm64, r-release-macos-x86_64, r-release-windows-x86_64