CRAN Package Check Results for Package bvarsv

Last updated on 2022-08-17 05:58:21 CEST.

Flavor Version Tinstall Tcheck Ttotal Status Flags
r-devel-linux-x86_64-debian-clang 1.1 44.85 33.95 78.80 OK
r-devel-linux-x86_64-debian-gcc 1.1 OK
r-devel-linux-x86_64-fedora-clang 1.1 105.90 NOTE
r-devel-linux-x86_64-fedora-gcc 1.1 107.97 NOTE
r-devel-windows-x86_64 1.1 39.00 77.00 116.00 OK
r-patched-linux-x86_64 1.1 40.28 34.73 75.01 OK
r-release-linux-x86_64 1.1 36.12 32.82 68.94 OK
r-release-macos-arm64 1.1 30.00 OK
r-release-macos-x86_64 1.1 43.00 OK
r-release-windows-x86_64 1.1 82.00 84.00 166.00 OK
r-oldrel-macos-arm64 1.1 43.00 OK
r-oldrel-macos-x86_64 1.1 54.00 OK
r-oldrel-windows-ix86+x86_64 1.1 98.00 89.00 187.00 OK

Check Details

Version: 1.1
Check: compiled code
Result: NOTE
    File ‘bvarsv/libs/bvarsv.so’:
     Found no calls to: ‘R_registerRoutines’, ‘R_useDynamicSymbols’
    
    It is good practice to register native routines and to disable symbol
    search.
    
    See ‘Writing portable packages’ in the ‘Writing R Extensions’ manual.
Flavors: r-devel-linux-x86_64-fedora-clang, r-devel-linux-x86_64-fedora-gcc