Last updated on 2022-05-19 05:51:49 CEST.
Flavor | Version | Tinstall | Tcheck | Ttotal | Status | Flags |
---|---|---|---|---|---|---|
r-devel-linux-x86_64-debian-clang | 1.0.4 | 53.91 | 49.01 | 102.92 | WARN | |
r-devel-linux-x86_64-debian-gcc | 1.0.4 | 36.43 | 37.83 | 74.26 | NOTE | |
r-devel-linux-x86_64-fedora-clang | 1.0.4 | 129.56 | WARN | |||
r-devel-linux-x86_64-fedora-gcc | 1.0.4 | 116.32 | NOTE | |||
r-devel-windows-x86_64 | 1.0.4 | 44.00 | 83.00 | 127.00 | NOTE | |
r-patched-linux-x86_64 | 1.0.4 | 45.04 | 46.97 | 92.01 | NOTE | |
r-release-linux-x86_64 | 1.0.4 | 45.22 | 48.63 | 93.85 | NOTE | |
r-release-macos-arm64 | 1.0.4 | 31.00 | NOTE | |||
r-release-macos-x86_64 | 1.0.4 | 44.00 | NOTE | |||
r-release-windows-x86_64 | 1.0.4 | 44.00 | 86.00 | 130.00 | NOTE | |
r-oldrel-macos-arm64 | 1.0.4 | 43.00 | NOTE | |||
r-oldrel-macos-x86_64 | 1.0.4 | 60.00 | NOTE | |||
r-oldrel-windows-ix86+x86_64 | 1.0.4 | 106.00 | 98.00 | 204.00 | NOTE |
Version: 1.0.4
Check: whether package can be installed
Result: WARN
Found the following significant warnings:
opt.cpp:110:7: warning: use of bitwise '&' with boolean operands [-Wbitwise-instead-of-logical]
opt.cpp:110:8: warning: use of bitwise '&' with boolean operands [-Wbitwise-instead-of-logical]
Flavors: r-devel-linux-x86_64-debian-clang, r-devel-linux-x86_64-fedora-clang
Version: 1.0.4
Check: LazyData
Result: NOTE
'LazyData' is specified without a 'data' directory
Flavors: r-devel-linux-x86_64-debian-clang, r-devel-linux-x86_64-debian-gcc, r-devel-linux-x86_64-fedora-clang, r-devel-linux-x86_64-fedora-gcc, r-devel-windows-x86_64, r-patched-linux-x86_64, r-release-linux-x86_64, r-release-macos-arm64, r-release-macos-x86_64, r-release-windows-x86_64, r-oldrel-macos-arm64, r-oldrel-macos-x86_64, r-oldrel-windows-ix86+x86_64