CRAN Package Check Results for Package cSEM

Last updated on 2022-01-27 05:55:49 CET.

Flavor Version Tinstall Tcheck Ttotal Status Flags
r-devel-linux-x86_64-debian-clang 0.4.0 18.19 166.35 184.54 OK
r-devel-linux-x86_64-debian-gcc 0.4.0 17.28 124.72 142.00 OK
r-devel-linux-x86_64-fedora-clang 0.4.0 235.38 NOTE
r-devel-linux-x86_64-fedora-gcc 0.4.0 219.08 NOTE
r-devel-windows-x86_64-new-UL 0.4.0 137.00 223.00 360.00 OK
r-devel-windows-x86_64-new-TK 0.4.0 NOTE
r-patched-linux-x86_64 0.4.0 21.17 161.25 182.42 OK
r-release-linux-x86_64 0.4.0 17.25 161.55 178.80 OK
r-release-macos-arm64 0.4.0 NOTE
r-release-macos-x86_64 0.4.0 NOTE
r-release-windows-ix86+x86_64 0.4.0 30.00 181.00 211.00 OK
r-oldrel-macos-x86_64 0.4.0 NOTE
r-oldrel-windows-ix86+x86_64 0.4.0 30.00 184.00 214.00 OK

Check Details

Version: 0.4.0
Check: package dependencies
Result: NOTE
    Imports includes 21 non-default packages.
    Importing from so many packages makes the package vulnerable to any of
    them becoming unavailable. Move as many as possible to Suggests and
    use conditionally.
Flavor: r-devel-linux-x86_64-fedora-clang

Version: 0.4.0
Check: dependencies in R code
Result: NOTE
    Namespace in Imports field not imported from: ‘Rdpack’
     All declared Imports should be used.
Flavors: r-devel-linux-x86_64-fedora-clang, r-devel-linux-x86_64-fedora-gcc, r-devel-windows-x86_64-new-TK, r-release-macos-arm64, r-release-macos-x86_64, r-oldrel-macos-x86_64