CRAN Package Check Results for Package cancensus

Last updated on 2022-01-28 05:48:51 CET.

Flavor Version Tinstall Tcheck Ttotal Status Flags
r-devel-linux-x86_64-debian-clang 0.4.8 5.80 64.54 70.34 OK
r-devel-linux-x86_64-debian-gcc 0.4.8 4.28 51.91 56.19 OK
r-devel-linux-x86_64-fedora-clang 0.4.8 84.25 NOTE
r-devel-linux-x86_64-fedora-gcc 0.4.8 72.12 NOTE
r-devel-windows-x86_64-new-UL 0.4.8 91.00 104.00 195.00 OK
r-devel-windows-x86_64-new-TK 0.4.8 NOTE
r-patched-linux-x86_64 0.4.8 5.47 62.53 68.00 OK
r-release-linux-x86_64 0.4.8 4.97 62.30 67.27 OK
r-release-macos-arm64 0.4.8 NOTE
r-release-macos-x86_64 0.4.8 NOTE
r-release-windows-ix86+x86_64 0.4.8 13.00 77.00 90.00 OK
r-oldrel-macos-x86_64 0.4.8 NOTE
r-oldrel-windows-ix86+x86_64 0.4.8 13.00 81.00 94.00 OK

Check Details

Version: 0.4.8
Check: data for non-ASCII characters
Result: NOTE
     Note: found 23 marked UTF-8 strings
Flavors: r-devel-linux-x86_64-fedora-clang, r-devel-linux-x86_64-fedora-gcc, r-devel-windows-x86_64-new-TK, r-release-macos-arm64, r-release-macos-x86_64, r-oldrel-macos-x86_64