CRAN Package Check Results for Package cape

Last updated on 2021-12-07 05:55:00 CET.

Flavor Version Tinstall Tcheck Ttotal Status Flags
r-devel-linux-x86_64-debian-clang 3.1.0 25.49 335.54 361.03 NOTE
r-devel-linux-x86_64-debian-gcc 3.1.0 21.78 243.27 265.05 NOTE
r-devel-linux-x86_64-fedora-clang 3.1.0 426.23 NOTE
r-devel-linux-x86_64-fedora-gcc 3.1.0 409.70 NOTE
r-devel-windows-x86_64-new-UL 3.1.0 53.00 394.00 447.00 NOTE
r-devel-windows-x86_64-new-TK 3.1.0 NOTE
r-devel-windows-x86_64-old 3.1.0 38.00 399.00 437.00 NOTE
r-patched-linux-x86_64 3.1.0 24.66 318.18 342.84 NOTE
r-release-linux-x86_64 3.1.0 21.18 318.62 339.80 NOTE
r-release-macos-arm64 3.1.0 NOTE
r-release-macos-x86_64 3.1.0 NOTE
r-release-windows-ix86+x86_64 3.1.0 33.00 341.00 374.00 NOTE
r-oldrel-macos-x86_64 3.1.0 OK
r-oldrel-windows-ix86+x86_64 3.1.0 47.00 376.00 423.00 OK

Check Details

Version: 3.1.0
Check: LazyData
Result: NOTE
     'LazyData' is specified without a 'data' directory
Flavors: r-devel-linux-x86_64-debian-clang, r-devel-linux-x86_64-debian-gcc, r-devel-linux-x86_64-fedora-clang, r-devel-linux-x86_64-fedora-gcc, r-devel-windows-x86_64-new-UL, r-devel-windows-x86_64-new-TK, r-devel-windows-x86_64-old, r-patched-linux-x86_64, r-release-linux-x86_64, r-release-macos-arm64, r-release-macos-x86_64, r-release-windows-ix86+x86_64