CRAN Package Check Results for Package carcass

Last updated on 2024-06-13 06:57:56 CEST.

Flavor Version Tinstall Tcheck Ttotal Status Flags
r-devel-linux-x86_64-debian-clang 1.7 9.41 97.57 106.98 OK
r-devel-linux-x86_64-debian-gcc 1.7 0.28 1.64 1.92 ERROR
r-devel-linux-x86_64-fedora-clang 1.7 132.37 OK
r-devel-linux-x86_64-fedora-gcc 1.7 124.31 OK
r-devel-windows-x86_64 1.7 10.00 86.00 96.00 OK
r-patched-linux-x86_64 1.7 8.97 92.51 101.48 OK
r-release-linux-x86_64 1.7 10.61 90.35 100.96 OK
r-release-macos-arm64 1.7 39.00 OK
r-release-macos-x86_64 1.7 59.00 OK
r-release-windows-x86_64 1.7 10.00 88.00 98.00 OK
r-oldrel-macos-arm64 1.7 39.00 OK
r-oldrel-macos-x86_64 1.7 91.00 OK
r-oldrel-windows-x86_64 1.7 13.00 106.00 119.00 OK

Check Details

Version: 1.7
Check: package dependencies
Result: ERROR Packages required but not available: 'lme4', 'arm' See section ‘The DESCRIPTION file’ in the ‘Writing R Extensions’ manual. Flavor: r-devel-linux-x86_64-debian-gcc