CRAN Package Check Results for Package cardidates

Last updated on 2024-06-22 06:50:40 CEST.

Flavor Version Tinstall Tcheck Ttotal Status Flags
r-devel-linux-x86_64-debian-clang 0.4.9 4.00 49.85 53.85 NOTE
r-devel-linux-x86_64-debian-gcc 0.4.9 2.89 38.68 41.57 NOTE
r-devel-linux-x86_64-fedora-clang 0.4.9 69.30 NOTE
r-devel-linux-x86_64-fedora-gcc 0.4.9 78.00 NOTE
r-devel-windows-x86_64 0.4.9 4.00 88.00 92.00 NOTE
r-patched-linux-x86_64 0.4.9 4.53 49.19 53.72 NOTE
r-release-linux-x86_64 0.4.9 3.25 50.45 53.70 NOTE
r-release-macos-arm64 0.4.9 31.00 NOTE
r-release-macos-x86_64 0.4.9 47.00 NOTE
r-release-windows-x86_64 0.4.9 4.00 89.00 93.00 NOTE
r-oldrel-macos-arm64 0.4.9 131.00 OK
r-oldrel-macos-x86_64 0.4.9 166.00 OK
r-oldrel-windows-x86_64 0.4.9 4.00 85.00 89.00 OK

Check Details

Version: 0.4.9
Check: Rd files
Result: NOTE checkRd: (-1) fitweibull.Rd:51: Lost braces in \itemize; \value handles \item{}{} directly checkRd: (-1) fitweibull.Rd:52: Lost braces in \itemize; \value handles \item{}{} directly checkRd: (-1) fitweibull.Rd:53: Lost braces in \itemize; \value handles \item{}{} directly Flavors: r-devel-linux-x86_64-debian-clang, r-devel-linux-x86_64-debian-gcc, r-devel-linux-x86_64-fedora-clang, r-devel-linux-x86_64-fedora-gcc, r-devel-windows-x86_64, r-patched-linux-x86_64, r-release-linux-x86_64, r-release-macos-arm64, r-release-macos-x86_64, r-release-windows-x86_64