CRAN Package Check Results for Package caret

Last updated on 2021-03-08 05:47:24 CET.

Flavor Version Tinstall Tcheck Ttotal Status Flags
r-devel-linux-x86_64-debian-clang 6.0-86 39.39 602.18 641.57 OK
r-devel-linux-x86_64-debian-gcc 6.0-86 30.81 458.30 489.11 OK
r-devel-linux-x86_64-fedora-clang 6.0-86 776.69 NOTE
r-devel-linux-x86_64-fedora-gcc 6.0-86 748.47 OK
r-devel-windows-ix86+x86_64 6.0-86 72.00 1062.00 1134.00 NOTE --no-vignettes
r-devel-windows-x86_64-gcc10-UCRT 6.0-86 OK
r-patched-linux-x86_64 6.0-86 36.57 561.84 598.41 OK
r-patched-solaris-x86 6.0-86 1048.70 NOTE
r-release-linux-x86_64 6.0-86 36.31 565.27 601.58 OK
r-release-macos-x86_64 6.0-86 NOTE
r-release-windows-ix86+x86_64 6.0-86 56.00 1047.00 1103.00 NOTE --no-vignettes
r-oldrel-macos-x86_64 6.0-86 NOTE
r-oldrel-windows-ix86+x86_64 6.0-86 46.00 754.00 800.00 NOTE --no-vignettes

Check Details

Version: 6.0-86
Check: installed package size
Result: NOTE
     installed size is 6.6Mb
     sub-directories of 1Mb or more:
     R 1.1Mb
     data 1.5Mb
     models 2.4Mb
Flavors: r-devel-linux-x86_64-fedora-clang, r-patched-solaris-x86, r-release-macos-x86_64, r-oldrel-macos-x86_64

Version: 6.0-86
Flags: --no-vignettes
Check: installed package size
Result: NOTE
     installed size is 6.6Mb
     sub-directories of 1Mb or more:
     R 1.1Mb
     data 1.5Mb
     models 2.4Mb
Flavors: r-devel-windows-ix86+x86_64, r-release-windows-ix86+x86_64, r-oldrel-windows-ix86+x86_64