CRAN Package Check Results for Package caret

Last updated on 2020-12-02 05:48:01 CET.

Flavor Version Tinstall Tcheck Ttotal Status Flags
r-devel-linux-x86_64-debian-clang 6.0-86 50.06 587.67 637.73 OK
r-devel-linux-x86_64-debian-gcc 6.0-86 31.13 453.15 484.28 OK
r-devel-linux-x86_64-fedora-clang 6.0-86 759.49 NOTE
r-devel-linux-x86_64-fedora-gcc 6.0-86 760.50 OK
r-devel-windows-ix86+x86_64 6.0-86 68.00 754.00 822.00 NOTE --no-vignettes
r-patched-linux-x86_64 6.0-86 35.09 562.65 597.74 OK
r-patched-solaris-x86 6.0-86 999.60 NOTE
r-release-linux-x86_64 6.0-86 39.89 557.81 597.70 OK
r-release-macos-x86_64 6.0-86 NOTE
r-release-windows-ix86+x86_64 6.0-86 51.00 744.00 795.00 NOTE --no-vignettes
r-oldrel-macos-x86_64 6.0-86 NOTE
r-oldrel-windows-ix86+x86_64 6.0-86 65.00 1016.00 1081.00 NOTE --no-vignettes

Check Details

Version: 6.0-86
Check: installed package size
Result: NOTE
     installed size is 6.6Mb
     sub-directories of 1Mb or more:
     R 1.1Mb
     data 1.5Mb
     models 2.4Mb
Flavors: r-devel-linux-x86_64-fedora-clang, r-patched-solaris-x86, r-release-macos-x86_64, r-oldrel-macos-x86_64

Version: 6.0-86
Flags: --no-vignettes
Check: installed package size
Result: NOTE
     installed size is 6.6Mb
     sub-directories of 1Mb or more:
     R 1.1Mb
     data 1.5Mb
     models 2.4Mb
Flavors: r-devel-windows-ix86+x86_64, r-release-windows-ix86+x86_64, r-oldrel-windows-ix86+x86_64