CRAN Package Check Results for Package cartograflow

Last updated on 2019-08-21 05:46:48 CEST.

Flavor Version Tinstall Tcheck Ttotal Status Flags
r-devel-linux-x86_64-debian-clang 1.0.0 8.90 108.88 117.78 OK
r-devel-linux-x86_64-debian-gcc 1.0.0 7.17 88.11 95.28 OK
r-devel-linux-x86_64-fedora-clang 1.0.0 137.56 NOTE
r-devel-linux-x86_64-fedora-gcc 1.0.0 132.79 NOTE
r-devel-windows-ix86+x86_64 1.0.0 35.00 181.00 216.00 OK
r-patched-linux-x86_64 1.0.0 7.41 105.73 113.14 OK
r-patched-solaris-x86 1.0.0 194.50 WARN
r-release-linux-x86_64 1.0.0 6.86 104.71 111.57 OK
r-release-windows-ix86+x86_64 1.0.0 20.00 122.00 142.00 OK
r-release-osx-x86_64 1.0.0 WARN
r-oldrel-windows-ix86+x86_64 1.0.0 22.00 178.00 200.00 OK
r-oldrel-osx-x86_64 1.0.0 WARN

Check Details

Version: 1.0.0
Check: installed package size
Result: NOTE
     installed size is 5.0Mb
     sub-directories of 1Mb or more:
     doc 4.4Mb
Flavors: r-devel-linux-x86_64-fedora-clang, r-patched-solaris-x86

Version: 1.0.0
Check: dependencies in R code
Result: NOTE
    Namespace in Imports field not imported from: ‘g.data’
     All declared Imports should be used.
Flavors: r-devel-linux-x86_64-fedora-clang, r-devel-linux-x86_64-fedora-gcc, r-patched-solaris-x86, r-release-osx-x86_64, r-oldrel-osx-x86_64

Version: 1.0.0
Check: re-building of vignette outputs
Result: WARN
    Error(s) in re-building vignettes:
     ...
    --- re-building ‘cartograflow.Rmd’ using rmarkdown
    Warning in engine$weave(file, quiet = quiet, encoding = enc) :
     Pandoc (>= 1.12.3) and/or pandoc-citeproc not available. Falling back to R Markdown v1.
    
    Attaching package: 'dplyr'
    
    The following objects are masked from 'package:stats':
    
     filter, lag
    
    The following objects are masked from 'package:base':
    
     intersect, setdiff, setequal, union
    
    Quitting from lines 451-480 (cartograflow.Rmd)
    Error: processing vignette 'cartograflow.Rmd' failed with diagnostics:
    there is no package called 'webshot'
    --- failed re-building ‘cartograflow.Rmd’
    
    SUMMARY: processing the following file failed:
     ‘cartograflow.Rmd’
    
    Error: Vignette re-building failed.
    Execution halted
Flavor: r-patched-solaris-x86

Version: 1.0.0
Check: re-building of vignette outputs
Result: WARN
    Error(s) in re-building vignettes:
    --- re-building ‘cartograflow.Rmd’ using rmarkdown
    Warning in engine$weave(file, quiet = quiet, encoding = enc) :
     Pandoc (>= 1.12.3) and/or pandoc-citeproc not available. Falling back to R Markdown v1.
    
    Attaching package: 'dplyr'
    
    The following objects are masked from 'package:stats':
    
     filter, lag
    
    The following objects are masked from 'package:base':
    
     intersect, setdiff, setequal, union
    
    Warning in normalizePath(f2) :
     path[1]="webshot87bf53b79c.png": No such file or directory
    Warning in file(con, "rb") :
     cannot open file 'webshot87bf53b79c.png': No such file or directory
    Quitting from lines 451-480 (cartograflow.Rmd)
    Error: processing vignette 'cartograflow.Rmd' failed with diagnostics:
    cannot open the connection
    --- failed re-building ‘cartograflow.Rmd’
    
    SUMMARY: processing the following file failed:
     ‘cartograflow.Rmd’
    
    Error: Vignette re-building failed.
    Execution halted
Flavor: r-release-osx-x86_64

Version: 1.0.0
Check: re-building of vignette outputs
Result: WARN
    Error in re-building vignettes:
     ...
    Warning in engine$weave(file, quiet = quiet, encoding = enc) :
     Pandoc (>= 1.12.3) and/or pandoc-citeproc not available. Falling back to R Markdown v1.
    
    Attaching package: 'dplyr'
    
    The following objects are masked from 'package:stats':
    
     filter, lag
    
    The following objects are masked from 'package:base':
    
     intersect, setdiff, setequal, union
    
    Warning in normalizePath(f2) :
     path[1]="webshot343f5bedf511.png": No such file or directory
    Warning in file(con, "rb") :
     cannot open file 'webshot343f5bedf511.png': No such file or directory
    Quitting from lines 451-480 (cartograflow.Rmd)
    Error: processing vignette 'cartograflow.Rmd' failed with diagnostics:
    cannot open the connection
    Execution halted
Flavor: r-oldrel-osx-x86_64