CRAN Package Check Results for Package cartools

Last updated on 2019-05-21 05:48:55 CEST.

Flavor Version Tinstall Tcheck Ttotal Status Flags
r-devel-linux-x86_64-debian-clang 0.1.0 7.76 54.76 62.52 OK
r-devel-linux-x86_64-debian-gcc 0.1.0 6.53 43.05 49.58 OK
r-devel-linux-x86_64-fedora-clang 0.1.0 74.21 NOTE
r-devel-linux-x86_64-fedora-gcc 0.1.0 70.32 NOTE
r-devel-windows-ix86+x86_64 0.1.0 21.00 92.00 113.00 OK
r-patched-linux-x86_64 0.1.0 7.36 55.82 63.18 OK
r-patched-solaris-x86 0.1.0 102.20 NOTE
r-release-linux-x86_64 0.1.0 6.53 55.71 62.24 OK
r-release-windows-ix86+x86_64 0.1.0 18.00 94.00 112.00 OK
r-release-osx-x86_64 0.1.0 NOTE
r-oldrel-windows-ix86+x86_64 0.1.0 10.00 62.00 72.00 OK
r-oldrel-osx-x86_64 0.1.0 NOTE

Check Details

Version: 0.1.0
Check: dependencies in R code
Result: NOTE
    Namespaces in Imports field not imported from:
     ‘animation’ ‘devtools’ ‘gapminder’ ‘knitr’ ‘rlist’ ‘rmarkdown’
     ‘roxygen2’ ‘sde’ ‘shiny’ ‘tidyverse’ ‘usethis’ ‘utils’
     All declared Imports should be used.
Flavors: r-devel-linux-x86_64-fedora-clang, r-devel-linux-x86_64-fedora-gcc, r-patched-solaris-x86, r-release-osx-x86_64, r-oldrel-osx-x86_64