CRAN Package Check Results for Package cartools

Last updated on 2019-03-22 05:50:05 CET.

Flavor Version Tinstall Tcheck Ttotal Status Flags
r-devel-linux-x86_64-debian-clang 0.1.0 9.07 56.08 65.15 OK
r-devel-linux-x86_64-debian-gcc 0.1.0 6.41 44.13 50.54 OK
r-devel-linux-x86_64-fedora-clang 0.1.0 75.43 NOTE
r-devel-linux-x86_64-fedora-gcc 0.1.0 71.27 NOTE
r-devel-windows-ix86+x86_64 0.1.0 21.00 101.00 122.00 OK
r-patched-linux-x86_64 0.1.0 6.30 54.50 60.80 OK
r-patched-solaris-x86 0.1.0 93.50 NOTE
r-release-linux-x86_64 0.1.0 6.17 53.51 59.68 OK
r-release-windows-ix86+x86_64 0.1.0 15.00 108.00 123.00 OK
r-release-osx-x86_64 0.1.0 NOTE
r-oldrel-windows-ix86+x86_64 0.1.0 18.00 100.00 118.00 OK
r-oldrel-osx-x86_64 0.1.0 NOTE

Check Details

Version: 0.1.0
Check: dependencies in R code
Result: NOTE
    Namespaces in Imports field not imported from:
     ‘animation’ ‘devtools’ ‘gapminder’ ‘knitr’ ‘rlist’ ‘rmarkdown’
     ‘roxygen2’ ‘sde’ ‘shiny’ ‘tidyverse’ ‘usethis’ ‘utils’
     All declared Imports should be used.
Flavors: r-devel-linux-x86_64-fedora-clang, r-devel-linux-x86_64-fedora-gcc, r-patched-solaris-x86, r-release-osx-x86_64, r-oldrel-osx-x86_64