CRAN Package Check Results for Package catSurv

Last updated on 2019-12-14 05:47:24 CET.

Flavor Version Tinstall Tcheck Ttotal Status Flags
r-devel-linux-x86_64-debian-clang 1.2.0 202.27 125.51 327.78 NOTE
r-devel-linux-x86_64-debian-gcc 1.2.0 120.39 97.34 217.73 NOTE
r-devel-linux-x86_64-fedora-clang 1.2.0 480.03 NOTE
r-devel-linux-x86_64-fedora-gcc 1.2.0 410.18 NOTE
r-devel-windows-ix86+x86_64 1.2.0 513.00 302.00 815.00 NOTE
r-devel-windows-ix86+x86_64-gcc8 1.1.3 144.00 8.00 152.00 ERROR
r-patched-linux-x86_64 1.2.0 140.07 114.62 254.69 NOTE
r-patched-solaris-x86 1.2.0 392.30 NOTE
r-release-linux-x86_64 1.2.0 140.64 113.33 253.97 NOTE
r-release-windows-ix86+x86_64 1.2.0 435.00 259.00 694.00 NOTE
r-release-osx-x86_64 1.2.0 NOTE
r-oldrel-windows-ix86+x86_64 1.2.0 391.00 200.00 591.00 NOTE
r-oldrel-osx-x86_64 1.2.0 NOTE

Check Details

Version: 1.2.0
Check: for GNU extensions in Makefiles
Result: NOTE
    GNU make is a SystemRequirements.
Flavors: r-devel-linux-x86_64-debian-clang, r-devel-linux-x86_64-debian-gcc, r-devel-linux-x86_64-fedora-clang, r-devel-linux-x86_64-fedora-gcc, r-devel-windows-ix86+x86_64, r-patched-linux-x86_64, r-patched-solaris-x86, r-release-linux-x86_64, r-release-windows-ix86+x86_64, r-release-osx-x86_64, r-oldrel-windows-ix86+x86_64, r-oldrel-osx-x86_64

Version: 1.2.0
Check: installed package size
Result: NOTE
     installed size is 6.6Mb
     sub-directories of 1Mb or more:
     libs 5.7Mb
Flavors: r-devel-linux-x86_64-fedora-clang, r-release-osx-x86_64, r-oldrel-osx-x86_64

Version: 1.1.3
Check: whether package can be installed
Result: ERROR
    Installation failed.
Flavor: r-devel-windows-ix86+x86_64-gcc8