CRAN Package Check Results for Package catSurv

Last updated on 2019-08-21 05:46:48 CEST.

Flavor Version Tinstall Tcheck Ttotal Status Flags
r-devel-linux-x86_64-debian-clang 1.0.3 173.19 107.08 280.27 NOTE
r-devel-linux-x86_64-debian-gcc 1.0.3 129.84 83.17 213.01 WARN
r-devel-linux-x86_64-fedora-clang 1.0.3 413.87 WARN
r-devel-linux-x86_64-fedora-gcc 1.0.3 373.58 WARN
r-devel-windows-ix86+x86_64 1.0.3 488.00 232.00 720.00 NOTE
r-patched-linux-x86_64 1.0.3 141.31 107.00 248.31 WARN
r-patched-solaris-x86 1.0.3 432.00 NOTE
r-release-linux-x86_64 1.0.3 143.23 105.69 248.92 WARN
r-release-windows-ix86+x86_64 1.0.3 387.00 186.00 573.00 NOTE
r-release-osx-x86_64 1.0.3 NOTE
r-oldrel-windows-ix86+x86_64 1.0.3 478.00 231.00 709.00 NOTE
r-oldrel-osx-x86_64 1.0.3 NOTE

Check Details

Version: 1.0.3
Check: for GNU extensions in Makefiles
Result: NOTE
    GNU make is a SystemRequirements.
Flavors: r-devel-linux-x86_64-debian-clang, r-devel-linux-x86_64-debian-gcc, r-devel-linux-x86_64-fedora-clang, r-devel-linux-x86_64-fedora-gcc, r-devel-windows-ix86+x86_64, r-patched-linux-x86_64, r-patched-solaris-x86, r-release-linux-x86_64, r-release-windows-ix86+x86_64, r-release-osx-x86_64, r-oldrel-windows-ix86+x86_64, r-oldrel-osx-x86_64

Version: 1.0.3
Check: whether package can be installed
Result: WARN
    Found the following significant warnings:
     MLEEstimator.cpp:81:17: warning: catching polymorphic type ‘class std::domain_error’ by value [-Wcatch-value=]
     MLEEstimator.cpp:127:17: warning: catching polymorphic type ‘class std::domain_error’ by value [-Wcatch-value=]
Flavors: r-devel-linux-x86_64-debian-gcc, r-devel-linux-x86_64-fedora-gcc, r-patched-linux-x86_64, r-release-linux-x86_64

Version: 1.0.3
Check: whether package can be installed
Result: WARN
    Found the following significant warnings:
     Cat.cpp:143:17: warning: 'bind2nd<std::__1::plus<int>, double>' is deprecated [-Wdeprecated-declarations]
Flavor: r-devel-linux-x86_64-fedora-clang

Version: 1.0.3
Check: installed package size
Result: NOTE
     installed size is 6.3Mb
     sub-directories of 1Mb or more:
     libs 5.6Mb
Flavors: r-devel-linux-x86_64-fedora-clang, r-release-osx-x86_64, r-oldrel-osx-x86_64