CRAN Package Check Results for Package causalOT

Last updated on 2022-08-19 05:52:45 CEST.

Flavor Version Tinstall Tcheck Ttotal Status Flags
r-devel-linux-x86_64-debian-clang 0.1 125.02 116.84 241.86 WARN
r-devel-linux-x86_64-debian-gcc 0.1 106.98 88.05 195.03 NOTE
r-devel-linux-x86_64-fedora-clang 0.1 336.36 WARN
r-devel-linux-x86_64-fedora-gcc 0.1 330.60 NOTE
r-devel-windows-x86_64 0.1 230.00 158.00 388.00 NOTE
r-patched-linux-x86_64 0.1 114.53 113.37 227.90 OK
r-release-linux-x86_64 0.1 OK
r-release-macos-arm64 0.1 90.00 NOTE
r-release-macos-x86_64 0.1 104.00 NOTE
r-release-windows-x86_64 0.1 261.00 158.00 419.00 OK
r-oldrel-macos-arm64 0.1 70.00 NOTE
r-oldrel-macos-x86_64 0.1 104.00 NOTE
r-oldrel-windows-ix86+x86_64 0.1 262.00 181.00 443.00 OK

Additional issues

clang14

Check Details

Version: 0.1
Check: whether package can be installed
Result: WARN
    Found the following significant warnings:
     kernel_calc.cpp:242:13: warning: use of bitwise '&' with boolean operands [-Wbitwise-instead-of-logical]
     kernel_calc.cpp:246:13: warning: use of bitwise '&' with boolean operands [-Wbitwise-instead-of-logical]
     kernel_calc.cpp:429:11: warning: use of bitwise '&' with boolean operands [-Wbitwise-instead-of-logical]
     kernel_calc.cpp:433:11: warning: use of bitwise '&' with boolean operands [-Wbitwise-instead-of-logical]
     kernel_calc.cpp:537:7: warning: use of bitwise '|' with boolean operands [-Wbitwise-instead-of-logical]
Flavors: r-devel-linux-x86_64-debian-clang, r-devel-linux-x86_64-fedora-clang

Version: 0.1
Check: HTML version of manual
Result: NOTE
    Found the following HTML validation problems:
    DataSim-Hainmueller.html:85:6: Warning: missing </span> before <p>
    DataSim-Hainmueller.html:85:89: Warning: inserting implicit <span>
    DataSim-Hainmueller.html:88:6: Warning: missing </span> before <p>
    DataSim-Hainmueller.html:88:89: Warning: inserting implicit <span>
    DataSim-Hainmueller.html:91:6: Warning: missing </span> before <p>
    DataSim-Hainmueller.html:91:91: Warning: inserting implicit <span>
    DataSim-Hainmueller.html:94:6: Warning: missing </span> before <p>
    DataSim-Hainmueller.html:94:89: Warning: inserting implicit <span>
    DataSim-Hainmueller.html:97:6: Warning: missing </span> before <p>
    DataSim-Hainmueller.html:97:90: Warning: inserting implicit <span>
    DataSim-Hainmueller.html:100:6: Warning: missing </span> before <p>
    DataSim-Hainmueller.html:100:90: Warning: inserting implicit <span>
    DataSim-Hainmueller.html:103:6: Warning: missing </span> before <p>
    DataSim-Hainmueller.html:103:89: Warning: inserting implicit <span>
    DataSim-Hainmueller.html:106:6: Warning: missing </span> before <p>
    DataSim-Hainmueller.html:106:89: Warning: inserting implicit <span>
    DataSim-Hainmueller.html:109:6: Warning: missing </span> before <p>
    DataSim-Hainmueller.html:109:94: Warning: inserting implicit <span>
    DataSim-Hainmueller.html:112:6: Warning: missing </span> before <p>
    DataSim-Hainmueller.html:112:99: Warning: inserting implicit <span>
    DataSim-Hainmueller.html:85:6: Warning: trimming empty <span>
    DataSim-Hainmueller.html:88:6: Warning: trimming empty <span>
    DataSim-Hainmueller.html:91:6: Warning: trimming empty <span>
    DataSim-Hainmueller.html:94:6: Warning: trimming empty <span>
    DataSim-Hainmueller.html:97:6: Warning: trimming empty <span>
    DataSim-Hainmueller.html:100:6: Warning: trimming empty <span>
    DataSim-Hainmueller.html:103:6: Warning: trimming empty <span>
    DataSim-Hainmueller.html:106:6: Warning: trimming empty <span>
    DataSim-Hainmueller.html:109:6: Warning: trimming empty <span>
    DataSim-Hainmueller.html:112:6: Warning: trimming empty <span>
    DataSim-LaLonde.html:86:6: Warning: missing </span> before <p>
    DataSim-LaLonde.html:86:89: Warning: inserting implicit <span>
    DataSim-LaLonde.html:89:6: Warning: missing </span> before <p>
    DataSim-LaLonde.html:89:89: Warning: inserting implicit <span>
    DataSim-LaLonde.html:92:6: Warning: missing </span> before <p>
    DataSim-LaLonde.html:92:89: Warning: inserting implicit <span>
    DataSim-LaLonde.html:95:6: Warning: missing </span> before <p>
    DataSim-LaLonde.html:95:90: Warning: inserting implicit <span>
    DataSim-LaLonde.html:98:6: Warning: missing </span> before <p>
    DataSim-LaLonde.html:98:90: Warning: inserting implicit <span>
    DataSim-LaLonde.html:101:6: Warning: missing </span> before <p>
    DataSim-LaLonde.html:101:89: Warning: inserting implicit <span>
    DataSim-LaLonde.html:104:6: Warning: missing </span> before <p>
    DataSim-LaLonde.html:104:89: Warning: inserting implicit <span>
    DataSim-LaLonde.html:107:6: Warning: missing </span> before <p>
    DataSim-LaLonde.html:107:94: Warning: inserting implicit <span>
    DataSim-LaLonde.html:110:6: Warning: missing </span> before <p>
    DataSim-LaLonde.html:110:99: Warning: inserting implicit <span>
    DataSim-LaLonde.html:86:6: Warning: trimming empty <span>
    DataSim-LaLonde.html:89:6: Warning: trimming empty <span>
    DataSim-LaLonde.html:92:6: Warning: trimming empty <span>
    DataSim-LaLonde.html:95:6: Warning: trimming empty <span>
    DataSim-LaLonde.html:98:6: Warning: trimming empty <span>
    DataSim-LaLonde.html:101:6: Warning: trimming empty <span>
    DataSim-LaLonde.html:104:6: Warning: trimming empty <span>
    DataSim-LaLonde.html:107:6: Warning: trimming empty <span>
    DataSim-LaLonde.html:110:6: Warning: trimming empty <span>
Flavor: r-devel-linux-x86_64-debian-clang

Version: 0.1
Check: HTML version of manual
Result: NOTE
    Found the following HTML validation problems:
    DataSim-Hainmueller.html:85:6: Warning: missing </span> before <p>
    DataSim-Hainmueller.html:85:89: Warning: inserting implicit <span>
    DataSim-Hainmueller.html:88:6: Warning: missing </span> before <p>
    DataSim-Hainmueller.html:88:89: Warning: inserting implicit <span>
    DataSim-Hainmueller.html:91:6: Warning: missing </span> before <p>
    DataSim-Hainmueller.html:91:91: Warning: inserting implicit <span>
    DataSim-Hainmueller.html:94:6: Warning: missing </span> before <p>
    DataSim-Hainmueller.html:94:89: Warning: inserting implicit <span>
    DataSim-Hainmueller.html:97:6: Warning: missing </span> before <p>
    DataSim-Hainmueller.html:97:90: Warning: inserting implicit <span>
    DataSim-Hainmueller.html:100:6: Warning: missing </span> before <p>
    DataSim-Hainmueller.html:100:90: Warning: inserting implicit <span>
    DataSim-Hainmueller.html:103:6: Warning: missing </span> before <p>
    DataSim-Hainmueller.html:103:89: Warning: inserting implicit <span>
    DataSim-Hainmueller.html:106:6: Warning: missing </span> before <p>
    DataSim-Hainmueller.html:106:89: Warning: inserting implicit <span>
    DataSim-Hainmueller.html:109:6: Warning: missing </span> before <p>
    DataSim-Hainmueller.html:109:94: Warning: inserting implicit <span>
    DataSim-Hainmueller.html:112:6: Warning: missing </span> before <p>
    DataSim-Hainmueller.html:112:99: Warning: inserting implicit <span>
    DataSim-LaLonde.html:86:6: Warning: missing </span> before <p>
    DataSim-LaLonde.html:86:89: Warning: inserting implicit <span>
    DataSim-LaLonde.html:89:6: Warning: missing </span> before <p>
    DataSim-LaLonde.html:89:89: Warning: inserting implicit <span>
    DataSim-LaLonde.html:92:6: Warning: missing </span> before <p>
    DataSim-LaLonde.html:92:89: Warning: inserting implicit <span>
    DataSim-LaLonde.html:95:6: Warning: missing </span> before <p>
    DataSim-LaLonde.html:95:90: Warning: inserting implicit <span>
    DataSim-LaLonde.html:98:6: Warning: missing </span> before <p>
    DataSim-LaLonde.html:98:90: Warning: inserting implicit <span>
    DataSim-LaLonde.html:101:6: Warning: missing </span> before <p>
    DataSim-LaLonde.html:101:89: Warning: inserting implicit <span>
    DataSim-LaLonde.html:104:6: Warning: missing </span> before <p>
    DataSim-LaLonde.html:104:89: Warning: inserting implicit <span>
    DataSim-LaLonde.html:107:6: Warning: missing </span> before <p>
    DataSim-LaLonde.html:107:94: Warning: inserting implicit <span>
    DataSim-LaLonde.html:110:6: Warning: missing </span> before <p>
    DataSim-LaLonde.html:110:99: Warning: inserting implicit <span>
Flavors: r-devel-linux-x86_64-debian-gcc, r-devel-linux-x86_64-fedora-clang, r-devel-linux-x86_64-fedora-gcc

Version: 0.1
Check: HTML version of manual
Result: NOTE
    Found the following HTML validation problems:
    DataSim-Hainmueller.html:85:6: Warning: missing </span> before <p>
    
    
    DataSim-Hainmueller.html:85:89: Warning: inserting implicit <span>
    
    
    DataSim-Hainmueller.html:88:6: Warning: missing </span> before <p>
    
    
    DataSim-Hainmueller.html:88:89: Warning: inserting implicit <span>
    
    
    DataSim-Hainmueller.html:91:6: Warning: missing </span> before <p>
    
    
    DataSim-Hainmueller.html:91:91: Warning: inserting implicit <span>
    
    
    DataSim-Hainmueller.html:94:6: Warning: missing </span> before <p>
    
    
    DataSim-Hainmueller.html:94:89: Warning: inserting implicit <span>
    
    
    DataSim-Hainmueller.html:97:6: Warning: missing </span> before <p>
    
    
    DataSim-Hainmueller.html:97:90: Warning: inserting implicit <span>
    
    
    DataSim-Hainmueller.html:100:6: Warning: missing </span> before <p>
    
    
    DataSim-Hainmueller.html:100:90: Warning: inserting implicit <span>
    
    
    DataSim-Hainmueller.html:103:6: Warning: missing </span> before <p>
    
    
    DataSim-Hainmueller.html:103:89: Warning: inserting implicit <span>
    
    
    DataSim-Hainmueller.html:106:6: Warning: missing </span> before <p>
    
    
    DataSim-Hainmueller.html:106:89: Warning: inserting implicit <span>
    
    
    DataSim-Hainmueller.html:109:6: Warning: missing </span> before <p>
    
    
    DataSim-Hainmueller.html:109:94: Warning: inserting implicit <span>
    
    
    DataSim-Hainmueller.html:112:6: Warning: missing </span> before <p>
    
    
    DataSim-Hainmueller.html:112:99: Warning: inserting implicit <span>
    
    
    DataSim-Hainmueller.html:85:6: Warning: trimming empty <span>
    
    
    DataSim-Hainmueller.html:88:6: Warning: trimming empty <span>
    
    
    DataSim-Hainmueller.html:91:6: Warning: trimming empty <span>
    
    
    DataSim-Hainmueller.html:94:6: Warning: trimming empty <span>
    
    
    DataSim-Hainmueller.html:97:6: Warning: trimming empty <span>
    
    
    DataSim-Hainmueller.html:100:6: Warning: trimming empty <span>
    
    
    DataSim-Hainmueller.html:103:6: Warning: trimming empty <span>
    
    
    DataSim-Hainmueller.html:106:6: Warning: trimming empty <span>
    
    
    DataSim-Hainmueller.html:109:6: Warning: trimming empty <span>
    
    
    DataSim-Hainmueller.html:112:6: Warning: trimming empty <span>
    
    
    DataSim-LaLonde.html:86:6: Warning: missing </span> before <p>
    
    
    DataSim-LaLonde.html:86:89: Warning: inserting implicit <span>
    
    
    DataSim-LaLonde.html:89:6: Warning: missing </span> before <p>
    
    
    DataSim-LaLonde.html:89:89: Warning: inserting implicit <span>
    
    
    DataSim-LaLonde.html:92:6: Warning: missing </span> before <p>
    
    
    DataSim-LaLonde.html:92:89: Warning: inserting implicit <span>
    
    
    DataSim-LaLonde.html:95:6: Warning: missing </span> before <p>
    
    
    DataSim-LaLonde.html:95:90: Warning: inserting implicit <span>
    
    
    DataSim-LaLonde.html:98:6: Warning: missing </span> before <p>
    
    
    DataSim-LaLonde.html:98:90: Warning: inserting implicit <span>
    
    
    DataSim-LaLonde.html:101:6: Warning: missing </span> before <p>
    
    
    DataSim-LaLonde.html:101:89: Warning: inserting implicit <span>
    
    
    DataSim-LaLonde.html:104:6: Warning: missing </span> before <p>
    
    
    DataSim-LaLonde.html:104:89: Warning: inserting implicit <span>
    
    
    DataSim-LaLonde.html:107:6: Warning: missing </span> before <p>
    
    
    DataSim-LaLonde.html:107:94: Warning: inserting implicit <span>
    
    
    DataSim-LaLonde.html:110:6: Warning: missing </span> before <p>
    
    
    DataSim-LaLonde.html:110:99: Warning: inserting implicit <span>
    
    
    DataSim-LaLonde.html:86:6: Warning: trimming empty <span>
    
    
    DataSim-LaLonde.html:89:6: Warning: trimming empty <span>
    
    
    DataSim-LaLonde.html:92:6: Warning: trimming empty <span>
    
    
    DataSim-LaLonde.html:95:6: Warning: trimming empty <span>
    
    
    DataSim-LaLonde.html:98:6: Warning: trimming empty <span>
    
    
    DataSim-LaLonde.html:101:6: Warning: trimming empty <span>
    
    
    DataSim-LaLonde.html:104:6: Warning: trimming empty <span>
    
    
    DataSim-LaLonde.html:107:6: Warning: trimming empty <span>
    
    
    DataSim-LaLonde.html:110:6: Warning: trimming empty <span>
Flavor: r-devel-windows-x86_64

Version: 0.1
Check: installed package size
Result: NOTE
     installed size is 29.5Mb
     sub-directories of 1Mb or more:
     R 2.2Mb
     libs 27.0Mb
Flavors: r-release-macos-arm64, r-release-macos-x86_64, r-oldrel-macos-arm64, r-oldrel-macos-x86_64