CRAN Package Check Results for Package cbq

Last updated on 2020-12-02 05:48:01 CET.

Flavor Version Tinstall Tcheck Ttotal Status Flags
r-devel-linux-x86_64-debian-clang 0.2.0.2 2140.89 157.08 2297.97 NOTE
r-devel-linux-x86_64-debian-gcc 0.2.0.2 1251.77 186.79 1438.56 NOTE
r-devel-linux-x86_64-fedora-clang 0.2.0.2 2652.80 NOTE
r-devel-linux-x86_64-fedora-gcc 0.2.0.2 2895.10 NOTE
r-devel-windows-ix86+x86_64 0.2.0.2 3748.00 417.00 4165.00 NOTE
r-patched-linux-x86_64 0.2.0.2 1255.99 238.21 1494.20 NOTE
r-patched-solaris-x86 0.2.0.2 2328.10 NOTE
r-release-linux-x86_64 0.2.0.2 1271.86 233.69 1505.55 NOTE
r-release-macos-x86_64 0.2.0.2 NOTE
r-release-windows-ix86+x86_64 0.2.0.2 2701.00 326.00 3027.00 NOTE
r-oldrel-macos-x86_64 0.2.0.2 NOTE
r-oldrel-windows-ix86+x86_64 0.2.0.2 3085.00 335.00 3420.00 NOTE

Check Details

Version: 0.2.0.2
Check: for GNU extensions in Makefiles
Result: NOTE
    GNU make is a SystemRequirements.
Flavors: r-devel-linux-x86_64-debian-clang, r-devel-linux-x86_64-debian-gcc, r-devel-linux-x86_64-fedora-clang, r-devel-linux-x86_64-fedora-gcc, r-devel-windows-ix86+x86_64, r-patched-linux-x86_64, r-patched-solaris-x86, r-release-linux-x86_64, r-release-macos-x86_64, r-release-windows-ix86+x86_64, r-oldrel-macos-x86_64, r-oldrel-windows-ix86+x86_64

Version: 0.2.0.2
Check: installed package size
Result: NOTE
     installed size is 231.2Mb
     sub-directories of 1Mb or more:
     libs 230.7Mb
Flavors: r-devel-linux-x86_64-fedora-clang, r-devel-windows-ix86+x86_64, r-patched-solaris-x86, r-release-macos-x86_64, r-release-windows-ix86+x86_64, r-oldrel-macos-x86_64, r-oldrel-windows-ix86+x86_64