CRAN Package Check Results for Package cctools

Last updated on 2022-09-26 05:55:38 CEST.

Flavor Version Tinstall Tcheck Ttotal Status Flags
r-devel-linux-x86_64-debian-clang 0.1.2 38.80 86.69 125.49 NOTE
r-devel-linux-x86_64-debian-gcc 0.1.2 31.09 68.45 99.54 NOTE
r-devel-linux-x86_64-fedora-clang 0.1.2 169.54 NOTE
r-devel-linux-x86_64-fedora-gcc 0.1.2 163.29 NOTE
r-devel-windows-x86_64 0.1.2 36.00 130.00 166.00 NOTE
r-patched-linux-x86_64 0.1.2 32.88 82.32 115.20 NOTE
r-release-linux-x86_64 0.1.2 36.88 85.05 121.93 NOTE
r-release-macos-arm64 0.1.2 45.00 NOTE
r-release-macos-x86_64 0.1.2 61.00 NOTE
r-release-windows-x86_64 0.1.2 38.00 130.00 168.00 NOTE
r-oldrel-macos-arm64 0.1.2 52.00 NOTE
r-oldrel-macos-x86_64 0.1.2 86.00 NOTE
r-oldrel-windows-ix86+x86_64 0.1.2 90.00 151.00 241.00 NOTE

Check Details

Version: 0.1.2
Check: LazyData
Result: NOTE
     'LazyData' is specified without a 'data' directory
Flavors: r-devel-linux-x86_64-debian-clang, r-devel-linux-x86_64-debian-gcc, r-devel-linux-x86_64-fedora-clang, r-devel-linux-x86_64-fedora-gcc, r-devel-windows-x86_64, r-patched-linux-x86_64, r-release-linux-x86_64, r-release-macos-arm64, r-release-macos-x86_64, r-release-windows-x86_64, r-oldrel-macos-arm64, r-oldrel-macos-x86_64, r-oldrel-windows-ix86+x86_64