CRAN Package Check Results for Package cenROC

Last updated on 2020-12-02 05:48:01 CET.

Flavor Version Tinstall Tcheck Ttotal Status Flags
r-devel-linux-x86_64-debian-clang 1.2.0 80.97 81.93 162.90 OK
r-devel-linux-x86_64-debian-gcc 1.2.0 42.03 67.47 109.50 OK
r-devel-linux-x86_64-fedora-clang 1.2.0 191.55 NOTE
r-devel-linux-x86_64-fedora-gcc 1.2.0 176.25 OK
r-devel-windows-ix86+x86_64 1.2.0 130.00 150.00 280.00 OK
r-patched-linux-x86_64 1.2.0 47.51 78.51 126.02 OK
r-patched-solaris-x86 1.2.0 200.20 OK
r-release-linux-x86_64 1.2.0 52.89 80.45 133.34 OK
r-release-macos-x86_64 1.2.0 NOTE
r-release-windows-ix86+x86_64 1.2.0 98.00 119.00 217.00 OK
r-oldrel-macos-x86_64 1.2.0 NOTE
r-oldrel-windows-ix86+x86_64 1.2.0 95.00 126.00 221.00 OK

Check Details

Version: 1.2.0
Check: installed package size
Result: NOTE
     installed size is 10.5Mb
     sub-directories of 1Mb or more:
     libs 10.3Mb
Flavors: r-devel-linux-x86_64-fedora-clang, r-release-macos-x86_64, r-oldrel-macos-x86_64