CRAN Package Check Results for Package cepiigeodist

Last updated on 2022-05-19 05:51:49 CEST.

Flavor Version Tinstall Tcheck Ttotal Status Flags
r-devel-linux-x86_64-debian-clang 0.1 2.11 23.94 26.05 OK
r-devel-linux-x86_64-debian-gcc 0.1 1.83 18.92 20.75 OK
r-devel-linux-x86_64-fedora-clang 0.1 32.75 NOTE
r-devel-linux-x86_64-fedora-gcc 0.1 33.66 NOTE
r-devel-windows-x86_64 0.1 12.00 39.00 51.00 OK
r-patched-linux-x86_64 0.1 2.26 22.90 25.16 OK
r-release-linux-x86_64 0.1 2.06 23.52 25.58 OK
r-release-macos-arm64 0.1 14.00 NOTE
r-release-macos-x86_64 0.1 16.00 NOTE
r-release-windows-x86_64 0.1 16.00 38.00 54.00 OK
r-oldrel-macos-arm64 0.1 18.00 NOTE
r-oldrel-macos-x86_64 0.1 20.00 NOTE
r-oldrel-windows-ix86+x86_64 0.1 6.00 33.00 39.00 OK

Check Details

Version: 0.1
Check: data for non-ASCII characters
Result: NOTE
     Note: found 104 marked UTF-8 strings
Flavors: r-devel-linux-x86_64-fedora-clang, r-devel-linux-x86_64-fedora-gcc, r-release-macos-arm64, r-release-macos-x86_64, r-oldrel-macos-arm64, r-oldrel-macos-x86_64