CRAN Package Check Results for Package cfda

Last updated on 2024-06-13 06:57:56 CEST.

Flavor Version Tinstall Tcheck Ttotal Status Flags
r-devel-linux-x86_64-debian-clang 0.11.0 12.71 396.19 408.90 OK
r-devel-linux-x86_64-debian-gcc 0.11.0 0.41 1.86 2.27 ERROR
r-devel-linux-x86_64-fedora-clang 0.11.0 492.25 OK
r-devel-linux-x86_64-fedora-gcc 0.11.0 486.66 OK
r-devel-windows-x86_64 0.11.0 13.00 266.00 279.00 OK
r-patched-linux-x86_64 0.11.0 17.26 385.33 402.59 OK
r-release-linux-x86_64 0.11.0 11.42 385.72 397.14 OK
r-release-macos-arm64 0.11.0 129.00 OK
r-release-macos-x86_64 0.11.0 237.00 OK
r-release-windows-x86_64 0.11.0 13.00 274.00 287.00 OK
r-oldrel-macos-arm64 0.11.0 215.00 OK
r-oldrel-macos-x86_64 0.11.0 259.00 OK
r-oldrel-windows-x86_64 0.11.0 17.00 362.00 379.00 OK

Check Details

Version: 0.11.0
Check: package dependencies
Result: ERROR Packages required but not available: 'fda', 'ggplot2' Package suggested but not available for checking: ‘testthat’ See section ‘The DESCRIPTION file’ in the ‘Writing R Extensions’ manual. Flavor: r-devel-linux-x86_64-debian-gcc