CRAN Package Check Results for Package chantrics

Last updated on 2024-06-20 06:57:09 CEST.

Flavor Version Tinstall Tcheck Ttotal Status Flags
r-devel-linux-x86_64-debian-clang 1.0.0 2.72 138.77 141.49 OK
r-devel-linux-x86_64-debian-gcc 1.0.0 2.28 101.49 103.77 OK
r-devel-linux-x86_64-fedora-clang 1.0.0 172.88 NOTE
r-devel-linux-x86_64-fedora-gcc 1.0.0 181.76 NOTE
r-devel-windows-x86_64 1.0.0 4.00 120.00 124.00 OK
r-patched-linux-x86_64 1.0.0 3.98 136.81 140.79 OK
r-release-linux-x86_64 1.0.0 3.19 134.51 137.70 OK
r-release-macos-arm64 1.0.0 53.00 OK
r-release-macos-x86_64 1.0.0 85.00 OK
r-release-windows-x86_64 1.0.0 5.00 118.00 123.00 OK
r-oldrel-macos-arm64 1.0.0 57.00 OK
r-oldrel-macos-x86_64 1.0.0 99.00 OK
r-oldrel-windows-x86_64 1.0.0 5.00 145.00 150.00 OK

Check Details

Version: 1.0.0
Check: dependencies in R code
Result: NOTE Namespaces in Imports field not imported from: ‘AER’ ‘graphics’ ‘lmtest’ All declared Imports should be used. Flavors: r-devel-linux-x86_64-fedora-clang, r-devel-linux-x86_64-fedora-gcc