CRAN Package Check Results for Package chemometrics

Last updated on 2022-01-23 05:57:46 CET.

Flavor Version Tinstall Tcheck Ttotal Status Flags
r-devel-linux-x86_64-debian-clang 1.4.2 7.86 154.22 162.08 NOTE
r-devel-linux-x86_64-debian-gcc 1.4.2 7.01 119.94 126.95 NOTE
r-devel-linux-x86_64-fedora-clang 1.4.2 196.95 NOTE
r-devel-linux-x86_64-fedora-gcc 1.4.2 186.91 NOTE
r-devel-windows-x86_64-new-UL 1.4.2 153.00 217.00 370.00 OK
r-devel-windows-x86_64-new-TK 1.4.2 OK
r-patched-linux-x86_64 1.4.2 6.46 150.16 156.62 NOTE
r-release-linux-x86_64 1.4.2 7.35 150.01 157.36 NOTE
r-release-macos-arm64 1.4.2 OK
r-release-macos-x86_64 1.4.2 OK
r-release-windows-ix86+x86_64 1.4.2 12.00 172.00 184.00 OK
r-oldrel-macos-x86_64 1.4.2 OK
r-oldrel-windows-ix86+x86_64 1.4.2 13.00 174.00 187.00 OK

Check Details

Version: 1.4.2
Check: for non-standard things in the check directory
Result: NOTE
    Found the following files/directories:
     'stepres00.txt'
Flavors: r-devel-linux-x86_64-debian-clang, r-devel-linux-x86_64-debian-gcc, r-devel-linux-x86_64-fedora-clang, r-devel-linux-x86_64-fedora-gcc, r-patched-linux-x86_64, r-release-linux-x86_64