CRAN Package Check Results for Package childsds

Last updated on 2019-09-22 05:46:08 CEST.

Flavor Version Tinstall Tcheck Ttotal Status Flags
r-devel-linux-x86_64-debian-clang 0.7.4 5.46 40.50 45.96 OK
r-devel-linux-x86_64-debian-gcc 0.7.4 4.50 31.17 35.67 OK
r-devel-linux-x86_64-fedora-clang 0.7.4 57.57 NOTE
r-devel-linux-x86_64-fedora-gcc 0.7.4 55.78 NOTE
r-devel-windows-ix86+x86_64 0.7.4 19.00 75.00 94.00 OK
r-patched-linux-x86_64 0.7.4 4.92 38.34 43.26 OK
r-patched-solaris-x86 0.7.4 85.00 NOTE
r-release-linux-x86_64 0.7.4 4.49 39.20 43.69 OK
r-release-windows-ix86+x86_64 0.7.4 12.00 58.00 70.00 OK
r-release-osx-x86_64 0.7.4 NOTE
r-oldrel-windows-ix86+x86_64 0.7.4 9.00 54.00 63.00 OK
r-oldrel-osx-x86_64 0.7.4 NOTE

Check Details

Version: 0.7.4
Check: dependencies in R code
Result: NOTE
    Namespace in Imports field not imported from: ‘gamlss.dist’
     All declared Imports should be used.
Flavors: r-devel-linux-x86_64-fedora-clang, r-devel-linux-x86_64-fedora-gcc, r-patched-solaris-x86, r-release-osx-x86_64, r-oldrel-osx-x86_64

Version: 0.7.4
Check: data for non-ASCII characters
Result: NOTE
     Note: found 27 marked UTF-8 strings
Flavors: r-devel-linux-x86_64-fedora-clang, r-devel-linux-x86_64-fedora-gcc, r-patched-solaris-x86, r-release-osx-x86_64, r-oldrel-osx-x86_64