CRAN Package Check Results for Package chillR

Last updated on 2022-01-25 05:54:38 CET.

Flavor Version Tinstall Tcheck Ttotal Status Flags
r-devel-linux-x86_64-debian-clang 0.72.7 41.01 258.98 299.99 OK
r-devel-linux-x86_64-debian-gcc 0.72.7 30.09 209.82 239.91 OK
r-devel-linux-x86_64-fedora-clang 0.72.7 362.37 NOTE
r-devel-linux-x86_64-fedora-gcc 0.72.7 352.99 OK
r-devel-windows-x86_64-new-UL 0.72.7 146.00 374.00 520.00 OK
r-devel-windows-x86_64-new-TK 0.72.7 OK
r-patched-linux-x86_64 0.72.7 34.14 249.17 283.31 OK
r-release-linux-x86_64 0.72.7 25.43 252.84 278.27 OK
r-release-macos-arm64 0.72.7 OK
r-release-macos-x86_64 0.72.7 OK
r-release-windows-ix86+x86_64 0.72.7 82.00 450.00 532.00 OK
r-oldrel-macos-x86_64 0.72.6 OK
r-oldrel-windows-ix86+x86_64 0.72.7 81.00 437.00 518.00 OK

Check Details

Version: 0.72.7
Check: package dependencies
Result: NOTE
    Imports includes 25 non-default packages.
    Importing from so many packages makes the package vulnerable to any of
    them becoming unavailable. Move as many as possible to Suggests and
    use conditionally.
Flavor: r-devel-linux-x86_64-fedora-clang