CRAN Package Check Results for Package choroplethr

Last updated on 2021-12-03 05:51:53 CET.

Flavor Version Tinstall Tcheck Ttotal Status Flags
r-devel-linux-x86_64-debian-clang 3.7.0 25.72 160.01 185.73 OK
r-devel-linux-x86_64-debian-gcc 3.7.0 17.69 119.62 137.31 OK
r-devel-linux-x86_64-fedora-clang 3.7.0 233.23 NOTE
r-devel-linux-x86_64-fedora-gcc 3.7.0 218.89 NOTE
r-devel-windows-x86_64-new-UL 3.7.0 48.00 248.00 296.00 OK
r-devel-windows-x86_64-new-TK 3.7.0 NOTE
r-devel-windows-x86_64-old 3.7.0 42.00 157.00 199.00 OK
r-patched-linux-x86_64 3.7.0 15.78 147.88 163.66 OK
r-patched-solaris-x86 3.7.0 318.80 NOTE
r-release-linux-x86_64 3.7.0 22.34 149.08 171.42 OK
r-release-macos-arm64 3.7.0 NOTE
r-release-macos-x86_64 3.7.0 NOTE
r-release-windows-ix86+x86_64 3.7.0 82.00 234.00 316.00 OK
r-oldrel-macos-x86_64 3.7.0 NOTE
r-oldrel-windows-ix86+x86_64 3.7.0 61.00 232.00 293.00 OK

Check Details

Version: 3.7.0
Check: data for non-ASCII characters
Result: NOTE
     Note: found 10 marked UTF-8 strings
Flavors: r-devel-linux-x86_64-fedora-clang, r-devel-linux-x86_64-fedora-gcc, r-devel-windows-x86_64-new-TK, r-patched-solaris-x86, r-release-macos-arm64, r-release-macos-x86_64, r-oldrel-macos-x86_64