CRAN Package Check Results for Package choroplethrAdmin1

Last updated on 2019-09-22 05:46:08 CEST.

Flavor Version Tinstall Tcheck Ttotal Status Flags
r-devel-linux-x86_64-debian-clang 1.1.1 4.87 40.44 45.31 OK
r-devel-linux-x86_64-debian-gcc 1.1.1 3.90 32.55 36.45 OK
r-devel-linux-x86_64-fedora-clang 1.1.1 54.40 NOTE
r-devel-linux-x86_64-fedora-gcc 1.1.1 52.24 OK
r-devel-windows-ix86+x86_64 1.1.1 20.00 74.00 94.00 NOTE
r-patched-linux-x86_64 1.1.1 3.63 39.85 43.48 OK
r-patched-solaris-x86 1.1.1 91.50 NOTE
r-release-linux-x86_64 1.1.1 3.85 40.62 44.47 OK
r-release-windows-ix86+x86_64 1.1.1 10.00 56.00 66.00 NOTE
r-release-osx-x86_64 1.1.1 NOTE
r-oldrel-windows-ix86+x86_64 1.1.1 7.00 48.00 55.00 NOTE
r-oldrel-osx-x86_64 1.1.1 NOTE

Check Details

Version: 1.1.1
Check: installed package size
Result: NOTE
     installed size is 18.0Mb
     sub-directories of 1Mb or more:
     data 17.9Mb
Flavors: r-devel-linux-x86_64-fedora-clang, r-devel-windows-ix86+x86_64, r-patched-solaris-x86, r-release-windows-ix86+x86_64, r-release-osx-x86_64, r-oldrel-windows-ix86+x86_64, r-oldrel-osx-x86_64