CRAN Package Check Results for Package choroplethrAdmin1

Last updated on 2020-02-16 05:47:49 CET.

Flavor Version Tinstall Tcheck Ttotal Status Flags
r-devel-linux-x86_64-debian-clang 1.1.1 5.51 44.11 49.62 OK
r-devel-linux-x86_64-debian-gcc 1.1.1 4.14 35.67 39.81 OK
r-devel-linux-x86_64-fedora-clang 1.1.1 60.06 NOTE
r-devel-linux-x86_64-fedora-gcc 1.1.1 55.97 OK
r-devel-windows-ix86+x86_64 1.1.1 13.00 60.00 73.00 NOTE
r-devel-windows-ix86+x86_64-gcc8 1.1.1 12.00 77.00 89.00 NOTE
r-patched-linux-x86_64 1.1.1 4.20 39.89 44.09 OK
r-patched-solaris-x86 1.1.1 89.30 NOTE
r-release-linux-x86_64 1.1.1 4.14 39.78 43.92 OK
r-release-windows-ix86+x86_64 1.1.1 12.00 51.00 63.00 NOTE
r-release-osx-x86_64 1.1.1 NOTE
r-oldrel-windows-ix86+x86_64 1.1.1 7.00 50.00 57.00 NOTE
r-oldrel-osx-x86_64 1.1.1 NOTE

Check Details

Version: 1.1.1
Check: installed package size
Result: NOTE
     installed size is 18.0Mb
     sub-directories of 1Mb or more:
     data 17.9Mb
Flavors: r-devel-linux-x86_64-fedora-clang, r-devel-windows-ix86+x86_64, r-devel-windows-ix86+x86_64-gcc8, r-patched-solaris-x86, r-release-windows-ix86+x86_64, r-release-osx-x86_64, r-oldrel-windows-ix86+x86_64, r-oldrel-osx-x86_64