CRAN Package Check Results for Package clValid

Last updated on 2022-01-23 05:57:47 CET.

Flavor Version Tinstall Tcheck Ttotal Status Flags
r-devel-linux-x86_64-debian-clang 0.7 3.62 134.43 138.05 OK
r-devel-linux-x86_64-debian-gcc 0.7 3.48 105.45 108.93 OK
r-devel-linux-x86_64-fedora-clang 0.7 166.38 OK
r-devel-linux-x86_64-fedora-gcc 0.7 155.49 OK
r-devel-windows-x86_64-new-UL 0.7 30.00 182.00 212.00 OK
r-devel-windows-x86_64-new-TK 0.7 OK
r-patched-linux-x86_64 0.7 5.04 129.56 134.60 OK
r-release-linux-x86_64 0.7 5.05 127.14 132.19 OK
r-release-macos-arm64 0.7 NOTE
r-release-macos-x86_64 0.7 NOTE
r-release-windows-ix86+x86_64 0.7 18.00 162.00 180.00 OK
r-oldrel-macos-x86_64 0.7 NOTE
r-oldrel-windows-ix86+x86_64 0.7 13.00 154.00 167.00 OK

Check Details

Version: 0.7
Check: package dependencies
Result: NOTE
    Packages suggested but not available for checking: 'GO.db', 'moe430a.db'
Flavors: r-release-macos-arm64, r-release-macos-x86_64

Version: 0.7
Check: package dependencies
Result: NOTE
    Package suggested but not available for checking: ‘moe430a.db’
Flavor: r-oldrel-macos-x86_64