CRAN Package Check Results for Package cleanrmd

Last updated on 2024-06-24 06:49:08 CEST.

Flavor Version Tinstall Tcheck Ttotal Status Flags
r-devel-linux-x86_64-debian-clang 0.1.1 2.92 26.20 29.12 OK
r-devel-linux-x86_64-debian-gcc 0.1.1 1.94 20.00 21.94 OK
r-devel-linux-x86_64-fedora-clang 0.1.1 35.22 NOTE
r-devel-linux-x86_64-fedora-gcc 0.1.1 36.47 OK
r-devel-windows-x86_64 0.1.1 4.00 41.00 45.00 OK
r-patched-linux-x86_64 0.1.1 3.40 24.37 27.77 OK
r-release-linux-x86_64 0.1.1 2.40 24.94 27.34 OK
r-release-macos-arm64 0.1.1 16.00 OK
r-release-macos-x86_64 0.1.1 22.00 OK
r-release-windows-x86_64 0.1.1 4.00 42.00 46.00 OK
r-oldrel-macos-arm64 0.1.1 17.00 OK
r-oldrel-macos-x86_64 0.1.1 29.00 OK
r-oldrel-windows-x86_64 0.1.1 5.00 43.00 48.00 OK

Check Details

Version: 0.1.1
Check: Rd cross-references
Result: NOTE Undeclared packages ‘bslib’, ‘shiny’ in Rd xrefs Flavor: r-devel-linux-x86_64-fedora-clang