CRAN Package Check Results for Package clickR

Last updated on 2020-02-27 05:48:42 CET.

Flavor Version Tinstall Tcheck Ttotal Status Flags
r-devel-linux-x86_64-debian-clang 0.4.40 4.29 35.54 39.83 ERROR
r-devel-linux-x86_64-debian-gcc 0.4.40 4.24 28.10 32.34 ERROR
r-devel-linux-x86_64-fedora-clang 0.4.40 52.76 OK
r-devel-linux-x86_64-fedora-gcc 0.4.40 51.34 OK
r-devel-windows-ix86+x86_64 0.4.40 10.00 46.00 56.00 OK
r-devel-windows-ix86+x86_64-gcc8 0.4.40 11.00 48.00 59.00 OK
r-patched-linux-x86_64 0.4.40 4.78 32.21 36.99 OK
r-patched-solaris-x86 0.4.40 65.40 OK
r-release-linux-x86_64 0.4.40 5.06 32.38 37.44 OK
r-release-windows-ix86+x86_64 0.4.40 9.00 46.00 55.00 OK
r-release-osx-x86_64 0.4.40 OK
r-oldrel-windows-ix86+x86_64 0.4.40 6.00 42.00 48.00 OK
r-oldrel-osx-x86_64 0.4.40 OK

Check Details

Version: 0.4.40
Check: examples
Result: ERROR
    Running examples in 'clickR-Ex.R' failed
    The error most likely occurred in:
    
    > base::assign(".ptime", proc.time(), pos = "CheckExEnv")
    > ### Name: fix.numerics
    > ### Title: Fix numeric data
    > ### Aliases: fix.numerics
    >
    > ### ** Examples
    >
    > mydata<-data.frame(Numeric1=c(7.8, 9.2, 5.4, 3.3, "6,8", "3..3"),
    + Numeric2=c(3.1, 1.2, "3.s4", "a48,s5", 7, "6,,4"))
    > report(mydata)
    Error in sapply(x, is.factor) & sapply(x, function(x) !all(levels(x) %in% :
     operations are possible only for numeric, logical or complex types
    Calls: report -> report.data.frame -> lapply -> [ -> [.data.frame
    Execution halted
Flavors: r-devel-linux-x86_64-debian-clang, r-devel-linux-x86_64-debian-gcc