CRAN Package Check Results for Package clinUtils

Last updated on 2022-01-26 05:54:10 CET.

Flavor Version Tinstall Tcheck Ttotal Status Flags
r-devel-linux-x86_64-debian-clang 0.1.0 7.71 113.55 121.26 OK
r-devel-linux-x86_64-debian-gcc 0.1.0 5.90 82.56 88.46 OK
r-devel-linux-x86_64-fedora-clang 0.1.0 137.28 NOTE
r-devel-linux-x86_64-fedora-gcc 0.1.0 127.66 OK
r-devel-windows-x86_64-new-UL 0.1.0 117.00 194.00 311.00 NOTE
r-devel-windows-x86_64-new-TK 0.1.0 OK
r-patched-linux-x86_64 0.1.0 12.35 100.17 112.52 OK
r-release-linux-x86_64 0.1.0 4.76 100.41 105.17 OK
r-release-macos-arm64 0.1.0 NOTE
r-release-macos-x86_64 0.1.0 NOTE
r-release-windows-ix86+x86_64 0.1.0 16.00 187.00 203.00 NOTE
r-oldrel-macos-x86_64 0.1.0 NOTE
r-oldrel-windows-ix86+x86_64 0.1.0 16.00 189.00 205.00 NOTE

Check Details

Version: 0.1.0
Check: installed package size
Result: NOTE
     installed size is 6.4Mb
     sub-directories of 1Mb or more:
     doc 5.3Mb
Flavors: r-devel-linux-x86_64-fedora-clang, r-devel-windows-x86_64-new-UL, r-release-macos-arm64, r-release-macos-x86_64, r-release-windows-ix86+x86_64, r-oldrel-macos-x86_64, r-oldrel-windows-ix86+x86_64