CRAN Package Check Results for Package clipr

Last updated on 2021-11-28 05:49:29 CET.

Flavor Version Tinstall Tcheck Ttotal Status Flags
r-devel-linux-x86_64-debian-clang 0.7.1 NOTE
r-devel-linux-x86_64-debian-gcc 0.7.1 1.64 19.06 20.70 NOTE
r-devel-linux-x86_64-fedora-clang 0.7.1 42.82 NOTE
r-devel-linux-x86_64-fedora-gcc 0.7.1 32.37 NOTE
r-devel-windows-x86_64-new-UL 0.7.1 7.00 64.00 71.00 NOTE
r-devel-windows-x86_64-new-TK 0.7.1 NOTE
r-devel-windows-x86_64-old 0.7.1 3.00 41.00 44.00 NOTE
r-patched-linux-x86_64 0.7.1 1.85 22.78 24.63 NOTE
r-patched-solaris-x86 0.7.1 48.50 NOTE
r-release-linux-x86_64 0.7.1 1.94 22.80 24.74 NOTE
r-release-macos-arm64 0.7.1 NOTE
r-release-macos-x86_64 0.7.1 NOTE
r-release-windows-ix86+x86_64 0.7.1 6.00 40.00 46.00 NOTE
r-oldrel-macos-x86_64 0.7.1 OK
r-oldrel-windows-ix86+x86_64 0.7.1 5.00 67.00 72.00 OK

Check Details

Version: 0.7.1
Check: LazyData
Result: NOTE
     'LazyData' is specified without a 'data' directory
Flavors: r-devel-linux-x86_64-debian-clang, r-devel-linux-x86_64-debian-gcc, r-devel-linux-x86_64-fedora-clang, r-devel-linux-x86_64-fedora-gcc, r-devel-windows-x86_64-new-UL, r-devel-windows-x86_64-new-TK, r-devel-windows-x86_64-old, r-patched-linux-x86_64, r-patched-solaris-x86, r-release-linux-x86_64, r-release-macos-arm64, r-release-macos-x86_64, r-release-windows-ix86+x86_64