Last updated on 2023-02-05 05:51:53 CET.
Flavor | Version | Tinstall | Tcheck | Ttotal | Status | Flags |
---|---|---|---|---|---|---|
r-devel-linux-x86_64-debian-clang | 2.3.4 | 9.90 | 95.14 | 105.04 | NOTE | |
r-devel-linux-x86_64-debian-gcc | 2.3.4 | 8.44 | 72.23 | 80.67 | NOTE | |
r-devel-linux-x86_64-fedora-clang | 2.3.4 | 130.64 | NOTE | |||
r-devel-linux-x86_64-fedora-gcc | 2.3.4 | 142.11 | NOTE | |||
r-devel-windows-x86_64 | 2.3.4 | 18.00 | 145.00 | 163.00 | NOTE | --no-vignettes |
r-patched-linux-x86_64 | 2.3.4 | 13.30 | 93.36 | 106.66 | NOTE | |
r-release-linux-x86_64 | 2.3.4 | 11.80 | 92.26 | 104.06 | NOTE | |
r-release-macos-arm64 | 2.3.4 | 36.00 | NOTE | |||
r-release-macos-x86_64 | 2.3.4 | 54.00 | NOTE | |||
r-release-windows-x86_64 | 2.3.4 | 13.00 | 140.00 | 153.00 | NOTE | --no-vignettes |
r-oldrel-macos-arm64 | 2.3.4 | 45.00 | NOTE | |||
r-oldrel-macos-x86_64 | 2.3.4 | 75.00 | NOTE | |||
r-oldrel-windows-ix86+x86_64 | 2.3.4 | 22.00 | 118.00 | 140.00 | NOTE | --no-vignettes |
Version: 2.3.4
Check: LazyData
Result: NOTE
'LazyData' is specified without a 'data' directory
Flavors: r-devel-linux-x86_64-debian-clang, r-devel-linux-x86_64-debian-gcc, r-devel-linux-x86_64-fedora-clang, r-devel-linux-x86_64-fedora-gcc, r-patched-linux-x86_64, r-release-linux-x86_64, r-release-macos-arm64, r-release-macos-x86_64, r-oldrel-macos-arm64, r-oldrel-macos-x86_64
Version: 2.3.4
Flags: --no-vignettes
Check: LazyData
Result: NOTE
'LazyData' is specified without a 'data' directory
Flavors: r-devel-windows-x86_64, r-release-windows-x86_64, r-oldrel-windows-ix86+x86_64