CRAN Package Check Results for Package clv

Last updated on 2022-01-22 05:10:12 CET.

Flavor Version Tinstall Tcheck Ttotal Status Flags
r-devel-linux-x86_64-debian-clang 0.3-2.2 7.12 43.35 50.47 OK
r-devel-linux-x86_64-debian-gcc 0.3-2.2 5.34 33.16 38.50 OK
r-devel-linux-x86_64-fedora-clang 0.3-2.2 62.23 NOTE
r-devel-linux-x86_64-fedora-gcc 0.3-2.2 49.65 NOTE
r-devel-windows-x86_64-new-UL 0.3-2.2 45.00 62.00 107.00 OK
r-devel-windows-x86_64-new-TK 0.3-2.2 OK
r-patched-linux-x86_64 0.3-2.2 5.96 41.40 47.36 OK
r-release-linux-x86_64 0.3-2.2 5.99 40.94 46.93 OK
r-release-macos-arm64 0.3-2.2 OK
r-release-macos-x86_64 0.3-2.2 OK
r-release-windows-ix86+x86_64 0.3-2.2 18.00 66.00 84.00 OK
r-oldrel-macos-x86_64 0.3-2.2 OK
r-oldrel-windows-ix86+x86_64 0.3-2.2 18.00 64.00 82.00 OK

Check Details

Version: 0.3-2.2
Check: compiled code
Result: NOTE
    File ‘clv/libs/clv.so’:
     Found no calls to: ‘R_registerRoutines’, ‘R_useDynamicSymbols’
    
    It is good practice to register native routines and to disable symbol
    search.
    
    See ‘Writing portable packages’ in the ‘Writing R Extensions’ manual.
Flavors: r-devel-linux-x86_64-fedora-clang, r-devel-linux-x86_64-fedora-gcc