CRAN Package Check Results for Package cmaes

Last updated on 2019-09-18 05:46:55 CEST.

Flavor Version Tinstall Tcheck Ttotal Status Flags
r-devel-linux-x86_64-debian-clang 1.0-11 2.22 21.04 23.26 NOTE
r-devel-linux-x86_64-debian-gcc 1.0-11 1.73 16.75 18.48 NOTE
r-devel-linux-x86_64-fedora-clang 1.0-11 28.74 NOTE
r-devel-linux-x86_64-fedora-gcc 1.0-11 27.75 NOTE
r-devel-windows-ix86+x86_64 1.0-11 9.00 47.00 56.00 NOTE
r-patched-linux-x86_64 1.0-11 1.99 20.86 22.85 NOTE
r-patched-solaris-x86 1.0-11 43.20 NOTE
r-release-linux-x86_64 1.0-11 1.95 20.71 22.66 NOTE
r-release-windows-ix86+x86_64 1.0-11 6.00 35.00 41.00 NOTE
r-release-osx-x86_64 1.0-11 NOTE
r-oldrel-windows-ix86+x86_64 1.0-11 2.00 53.00 55.00 NOTE
r-oldrel-osx-x86_64 1.0-11 NOTE

Check Details

Version: 1.0-11
Check: R code for possible problems
Result: NOTE
    cma_es: no visible global function definition for 'rnorm'
    f_rand: no visible global function definition for 'runif'
    Undefined global functions or variables:
     rnorm runif
    Consider adding
     importFrom("stats", "rnorm", "runif")
    to your NAMESPACE file.
Flavors: r-devel-linux-x86_64-debian-clang, r-devel-linux-x86_64-debian-gcc, r-devel-linux-x86_64-fedora-clang, r-devel-linux-x86_64-fedora-gcc, r-devel-windows-ix86+x86_64, r-patched-linux-x86_64, r-patched-solaris-x86, r-release-linux-x86_64, r-release-windows-ix86+x86_64, r-release-osx-x86_64, r-oldrel-windows-ix86+x86_64, r-oldrel-osx-x86_64