CRAN Package Check Results for Package cmdfun

Last updated on 2021-11-28 05:49:29 CET.

Flavor Version Tinstall Tcheck Ttotal Status Flags
r-devel-linux-x86_64-debian-clang 1.0.2 NOTE
r-devel-linux-x86_64-debian-gcc 1.0.2 2.41 23.93 26.34 NOTE
r-devel-linux-x86_64-fedora-clang 1.0.2 51.95 NOTE
r-devel-linux-x86_64-fedora-gcc 1.0.2 40.65 NOTE
r-devel-windows-x86_64-new-UL 1.0.2 11.00 71.00 82.00 NOTE
r-devel-windows-x86_64-new-TK 1.0.2 NOTE
r-devel-windows-x86_64-old 1.0.2 5.00 49.00 54.00 NOTE
r-patched-linux-x86_64 1.0.2 3.04 29.06 32.10 NOTE
r-patched-solaris-x86 1.0.2 60.70 NOTE
r-release-linux-x86_64 1.0.2 2.83 29.28 32.11 NOTE
r-release-macos-arm64 1.0.2 NOTE
r-release-macos-x86_64 1.0.2 NOTE
r-release-windows-ix86+x86_64 1.0.2 7.00 50.00 57.00 NOTE
r-oldrel-macos-x86_64 1.0.2 OK
r-oldrel-windows-ix86+x86_64 1.0.2 7.00 48.00 55.00 OK

Check Details

Version: 1.0.2
Check: LazyData
Result: NOTE
     'LazyData' is specified without a 'data' directory
Flavors: r-devel-linux-x86_64-debian-clang, r-devel-linux-x86_64-debian-gcc, r-devel-linux-x86_64-fedora-clang, r-devel-linux-x86_64-fedora-gcc, r-devel-windows-x86_64-new-UL, r-devel-windows-x86_64-new-TK, r-devel-windows-x86_64-old, r-patched-linux-x86_64, r-patched-solaris-x86, r-release-linux-x86_64, r-release-macos-arm64, r-release-macos-x86_64, r-release-windows-ix86+x86_64