CRAN Package Check Results for Package coala

Last updated on 2020-01-17 05:47:08 CET.

Flavor Version Tinstall Tcheck Ttotal Status Flags
r-devel-linux-x86_64-debian-clang 0.5.3 165.32 116.34 281.66 WARN
r-devel-linux-x86_64-debian-gcc 0.5.3 119.01 89.78 208.79 WARN
r-devel-linux-x86_64-fedora-clang 0.5.3 389.82 WARN
r-devel-linux-x86_64-fedora-gcc 0.5.3 369.39 WARN
r-devel-windows-ix86+x86_64 0.5.3 383.00 171.00 554.00 OK
r-devel-windows-ix86+x86_64-gcc8 0.5.3 313.00 240.00 553.00 OK
r-patched-linux-x86_64 0.5.3 130.22 106.78 237.00 WARN
r-patched-solaris-x86 0.5.3 345.60 WARN
r-release-linux-x86_64 0.5.3 125.82 107.69 233.51 WARN
r-release-windows-ix86+x86_64 0.5.3 368.00 214.00 582.00 OK
r-release-osx-x86_64 0.5.3 NOTE
r-oldrel-windows-ix86+x86_64 0.5.3 324.00 134.00 458.00 OK
r-oldrel-osx-x86_64 0.5.3 OK

Check Details

Version: 0.5.3
Check: package dependencies
Result: NOTE
    Package suggested but not available for checking: 'PopGenome'
Flavors: r-devel-linux-x86_64-debian-clang, r-devel-linux-x86_64-debian-gcc, r-devel-linux-x86_64-fedora-clang, r-devel-linux-x86_64-fedora-gcc, r-patched-linux-x86_64, r-patched-solaris-x86, r-release-linux-x86_64

Version: 0.5.3
Check: re-building of vignette outputs
Result: WARN
    Error(s) in re-building vignettes:
     ...
    --- re-building 'coala-abc.Rmd' using rmarkdown
    --- finished re-building 'coala-abc.Rmd'
    
    --- re-building 'coala-data-import.Rmd' using rmarkdown
    Quitting from lines 30-36 (coala-data-import.Rmd)
    Error: processing vignette 'coala-data-import.Rmd' failed with diagnostics:
    there is no package called 'PopGenome'
    --- failed re-building 'coala-data-import.Rmd'
    
    --- re-building 'coala-examples.Rmd' using rmarkdown
    --- finished re-building 'coala-examples.Rmd'
    
    --- re-building 'coala-extend.Rmd' using rmarkdown
    --- finished re-building 'coala-extend.Rmd'
    
    --- re-building 'coala-install.Rmd' using rmarkdown
    --- finished re-building 'coala-install.Rmd'
    
    --- re-building 'coala-intro.Rmd' using rmarkdown
    --- finished re-building 'coala-intro.Rmd'
    
    SUMMARY: processing the following file failed:
     'coala-data-import.Rmd'
    
    Error: Vignette re-building failed.
    Execution halted
Flavors: r-devel-linux-x86_64-debian-clang, r-devel-linux-x86_64-debian-gcc, r-patched-linux-x86_64, r-release-linux-x86_64

Version: 0.5.3
Check: installed package size
Result: NOTE
     installed size is 6.4Mb
     sub-directories of 1Mb or more:
     R 1.4Mb
     libs 4.5Mb
Flavors: r-devel-linux-x86_64-fedora-clang, r-release-osx-x86_64

Version: 0.5.3
Check: re-building of vignette outputs
Result: WARN
    Error(s) in re-building vignettes:
    --- re-building ‘coala-abc.Rmd’ using rmarkdown
    --- finished re-building ‘coala-abc.Rmd’
    
    --- re-building ‘coala-data-import.Rmd’ using rmarkdown
    Quitting from lines 30-36 (coala-data-import.Rmd)
    Error: processing vignette 'coala-data-import.Rmd' failed with diagnostics:
    there is no package called 'PopGenome'
    --- failed re-building ‘coala-data-import.Rmd’
    
    --- re-building ‘coala-examples.Rmd’ using rmarkdown
    --- finished re-building ‘coala-examples.Rmd’
    
    --- re-building ‘coala-extend.Rmd’ using rmarkdown
    --- finished re-building ‘coala-extend.Rmd’
    
    --- re-building ‘coala-install.Rmd’ using rmarkdown
    --- finished re-building ‘coala-install.Rmd’
    
    --- re-building ‘coala-intro.Rmd’ using rmarkdown
    --- finished re-building ‘coala-intro.Rmd’
    
    SUMMARY: processing the following file failed:
     ‘coala-data-import.Rmd’
    
    Error: Vignette re-building failed.
    Execution halted
Flavors: r-devel-linux-x86_64-fedora-clang, r-devel-linux-x86_64-fedora-gcc

Version: 0.5.3
Check: re-building of vignette outputs
Result: WARN
    Error(s) in re-building vignettes:
     ...
    --- re-building ‘coala-abc.Rmd’ using rmarkdown
    Warning in engine$weave(file, quiet = quiet, encoding = enc) :
     Pandoc (>= 1.12.3) and/or pandoc-citeproc not available. Falling back to R Markdown v1.
    --- finished re-building ‘coala-abc.Rmd’
    
    --- re-building ‘coala-data-import.Rmd’ using rmarkdown
    Warning in engine$weave(file, quiet = quiet, encoding = enc) :
     Pandoc (>= 1.12.3) and/or pandoc-citeproc not available. Falling back to R Markdown v1.
    Quitting from lines 30-36 (coala-data-import.Rmd)
    Error: processing vignette 'coala-data-import.Rmd' failed with diagnostics:
    there is no package called 'PopGenome'
    --- failed re-building ‘coala-data-import.Rmd’
    
    --- re-building ‘coala-examples.Rmd’ using rmarkdown
    Warning in engine$weave(file, quiet = quiet, encoding = enc) :
     Pandoc (>= 1.12.3) and/or pandoc-citeproc not available. Falling back to R Markdown v1.
    --- finished re-building ‘coala-examples.Rmd’
    
    --- re-building ‘coala-extend.Rmd’ using rmarkdown
    Warning in engine$weave(file, quiet = quiet, encoding = enc) :
     Pandoc (>= 1.12.3) and/or pandoc-citeproc not available. Falling back to R Markdown v1.
    --- finished re-building ‘coala-extend.Rmd’
    
    --- re-building ‘coala-install.Rmd’ using rmarkdown
    Warning in engine$weave(file, quiet = quiet, encoding = enc) :
     Pandoc (>= 1.12.3) and/or pandoc-citeproc not available. Falling back to R Markdown v1.
    --- finished re-building ‘coala-install.Rmd’
    
    --- re-building ‘coala-intro.Rmd’ using rmarkdown
    Warning in engine$weave(file, quiet = quiet, encoding = enc) :
     Pandoc (>= 1.12.3) and/or pandoc-citeproc not available. Falling back to R Markdown v1.
    --- finished re-building ‘coala-intro.Rmd’
    
    SUMMARY: processing the following file failed:
     ‘coala-data-import.Rmd’
    
    Error: Vignette re-building failed.
    Execution halted
Flavor: r-patched-solaris-x86