CRAN Package Check Results for Package coala

Last updated on 2019-08-25 05:46:44 CEST.

Flavor Version Tinstall Tcheck Ttotal Status Flags
r-devel-linux-x86_64-debian-clang 0.5.3 132.55 104.14 236.69 OK
r-devel-linux-x86_64-debian-gcc 0.5.3 114.37 83.86 198.23 OK
r-devel-linux-x86_64-fedora-clang 0.5.3 348.38 NOTE
r-devel-linux-x86_64-fedora-gcc 0.5.3 343.35 OK
r-devel-windows-ix86+x86_64 0.5.3 230.00 147.00 377.00 OK
r-patched-linux-x86_64 0.5.3 129.51 106.18 235.69 OK
r-patched-solaris-x86 0.5.3 378.00 OK
r-release-linux-x86_64 0.5.3 130.73 106.52 237.25 OK
r-release-windows-ix86+x86_64 0.5.3 316.00 236.00 552.00 OK
r-release-osx-x86_64 0.5.3 NOTE
r-oldrel-windows-ix86+x86_64 0.5.3 307.00 188.00 495.00 OK
r-oldrel-osx-x86_64 0.5.3 OK

Check Details

Version: 0.5.3
Check: installed package size
Result: NOTE
     installed size is 6.3Mb
     sub-directories of 1Mb or more:
     R 1.3Mb
     libs 4.5Mb
Flavors: r-devel-linux-x86_64-fedora-clang, r-release-osx-x86_64