CRAN Package Check Results for Package coalitions

Last updated on 2021-11-27 05:49:33 CET.

Flavor Version Tinstall Tcheck Ttotal Status Flags
r-devel-linux-x86_64-debian-clang 0.6.20 OK
r-devel-linux-x86_64-debian-gcc 0.6.20 6.43 63.97 70.40 OK
r-devel-linux-x86_64-fedora-clang 0.6.20 122.28 OK
r-devel-linux-x86_64-fedora-gcc 0.6.20 108.44 OK
r-devel-windows-x86_64-new-UL 0.6.20 20.00 131.00 151.00 ERROR
r-devel-windows-x86_64-new-TK 0.6.20 ERROR
r-devel-windows-x86_64-old 0.6.20 11.00 112.00 123.00 ERROR
r-patched-linux-x86_64 0.6.20 7.97 79.57 87.54 OK
r-patched-solaris-x86 0.6.20 149.50 OK
r-release-linux-x86_64 0.6.20 OK
r-release-macos-arm64 0.6.20 OK
r-release-macos-x86_64 0.6.20 OK
r-release-windows-ix86+x86_64 0.6.20 20.00 82.00 102.00 ERROR
r-oldrel-macos-x86_64 0.6.20 OK
r-oldrel-windows-ix86+x86_64 0.6.20 21.00 108.00 129.00 ERROR

Check Details

Version: 0.6.20
Check: tests
Result: ERROR
     Running 'testthat.R' [14s]
    Running the tests in 'tests/testthat.R' failed.
    Complete output:
     > library(testthat)
     > library(checkmate)
     > library(coalitions)
     >
     > test_check("coalitions")
     ══ Failed tests ════════════════════════════════════════════════════════════════
     ── Error (test-scrapers.R:116:3): Austria scrapper works ───────────────────────
     <SSL_CACERT/GenericCurlError/error/condition>
     Error in `function (type, msg, asError = TRUE)
     {
     if (!is.character(type)) {
     i = match(type, CURLcodeValues)
     typeName = if (is.na(i))
     character()
     else names(CURLcodeValues)[i]
     }
     typeName = gsub("^CURLE_", "", typeName)
     fun = (if (asError)
     stop
     else warning)
     fun(structure(list(message = msg, call = sys.call()), class = c(typeName,
     "GenericCurlError", "error", "condition")))
     }(60L, "SSL certificate problem: certificate has expired", TRUE)`: SSL certificate problem: certificate has expired
     Backtrace:
     █
     1. ├─scrape_austria() %>% unnest("surveys") %>% filter(date == as.Date("2019-07-06")) test-scrapers.R:116:2
     2. ├─dplyr::filter(., date == as.Date("2019-07-06"))
     3. ├─tidyr::unnest(., "surveys")
     4. ├─coalitions::scrape_austria()
     5. │ └─RCurl::getURL(address)
     6. │ └─RCurl::curlPerform(curl = curl, .opts = opts, .encoding = .encoding)
     7. └─(function (type, msg, asError = TRUE) ...
    
     [ FAIL 1 | WARN 3 | SKIP 0 | PASS 81 ]
     Error: Test failures
     Execution halted
Flavor: r-devel-windows-x86_64-new-UL

Version: 0.6.20
Check: tests
Result: ERROR
     Running 'testthat.R'
    Running the tests in 'tests/testthat.R' failed.
    Complete output:
     > library(testthat)
     > library(checkmate)
     > library(coalitions)
     >
     > test_check("coalitions")
     ══ Failed tests ════════════════════════════════════════════════════════════════
     ── Error (test-scrapers.R:116:3): Austria scrapper works ───────────────────────
     <SSL_CACERT/GenericCurlError/error/condition>
     Error in `function (type, msg, asError = TRUE)
     {
     if (!is.character(type)) {
     i = match(type, CURLcodeValues)
     typeName = if (is.na(i))
     character()
     else names(CURLcodeValues)[i]
     }
     typeName = gsub("^CURLE_", "", typeName)
     fun = (if (asError)
     stop
     else warning)
     fun(structure(list(message = msg, call = sys.call()), class = c(typeName,
     "GenericCurlError", "error", "condition")))
     }(60L, "SSL certificate problem: certificate has expired", TRUE)`: SSL certificate problem: certificate has expired
     Backtrace:
     █
     1. ├─scrape_austria() %>% unnest("surveys") %>% filter(date == as.Date("2019-07-06")) test-scrapers.R:116:2
     2. ├─dplyr::filter(., date == as.Date("2019-07-06"))
     3. ├─tidyr::unnest(., "surveys")
     4. ├─coalitions::scrape_austria()
     5. │ └─RCurl::getURL(address)
     6. │ └─RCurl::curlPerform(curl = curl, .opts = opts, .encoding = .encoding)
     7. └─(function (type, msg, asError = TRUE) ...
    
     [ FAIL 1 | WARN 3 | SKIP 0 | PASS 81 ]
     Error: Test failures
     Execution halted
Flavor: r-devel-windows-x86_64-new-TK

Version: 0.6.20
Check: tests
Result: ERROR
     Running 'testthat.R' [15s]
    Running the tests in 'tests/testthat.R' failed.
    Complete output:
     > library(testthat)
     > library(checkmate)
     > library(coalitions)
     >
     > test_check("coalitions")
     == Failed tests ================================================================
     -- Error (test-scrapers.R:116:3): Austria scrapper works -----------------------
     <SSL_CACERT/GenericCurlError/error/condition>
     Error in `function (type, msg, asError = TRUE)
     {
     if (!is.character(type)) {
     i = match(type, CURLcodeValues)
     typeName = if (is.na(i))
     character()
     else names(CURLcodeValues)[i]
     }
     typeName = gsub("^CURLE_", "", typeName)
     fun = (if (asError)
     stop
     else warning)
     fun(structure(list(message = msg, call = sys.call()), class = c(typeName,
     "GenericCurlError", "error", "condition")))
     }(60L, "SSL certificate problem: certificate has expired", TRUE)`: SSL certificate problem: certificate has expired
     Backtrace:
     x
     1. +-scrape_austria() %>% unnest("surveys") %>% filter(date == as.Date("2019-07-06")) test-scrapers.R:116:2
     2. +-dplyr::filter(., date == as.Date("2019-07-06"))
     3. +-tidyr::unnest(., "surveys")
     4. +-coalitions::scrape_austria()
     5. | \-RCurl::getURL(address)
     6. | \-RCurl::curlPerform(curl = curl, .opts = opts, .encoding = .encoding)
     7. \-(function (type, msg, asError = TRUE) ...
    
     [ FAIL 1 | WARN 3 | SKIP 0 | PASS 81 ]
     Error: Test failures
     Execution halted
Flavors: r-devel-windows-x86_64-old, r-oldrel-windows-ix86+x86_64

Version: 0.6.20
Check: tests
Result: ERROR
     Running 'testthat.R' [11s]
    Running the tests in 'tests/testthat.R' failed.
    Complete output:
     > library(testthat)
     > library(checkmate)
     > library(coalitions)
     >
     > test_check("coalitions")
     == Failed tests ================================================================
     -- Error (test-scrapers.R:116:3): Austria scrapper works -----------------------
     <SSL_CACERT/GenericCurlError/error/condition>
     Error in `function (type, msg, asError = TRUE)
     {
     if (!is.character(type)) {
     i = match(type, CURLcodeValues)
     typeName = if (is.na(i))
     character()
     else names(CURLcodeValues)[i]
     }
     typeName = gsub("^CURLE_", "", typeName)
     fun = (if (asError)
     stop
     else warning)
     fun(structure(list(message = msg, call = sys.call()), class = c(typeName,
     "GenericCurlError", "error", "condition")))
     }(60L, "SSL certificate problem: certificate has expired", TRUE)`: SSL certificate problem: certificate has expired
     Backtrace:
     x
     1. +-scrape_austria() %>% unnest("surveys") %>% filter(date == as.Date("2019-07-06")) test-scrapers.R:116:2
     2. +-dplyr::filter(., date == as.Date("2019-07-06"))
     3. +-tidyr::unnest(., "surveys")
     4. +-coalitions::scrape_austria()
     5. | \-RCurl::getURL(address)
     6. | \-RCurl::curlPerform(curl = curl, .opts = opts, .encoding = .encoding)
     7. \-(function (type, msg, asError = TRUE) ...
    
     [ FAIL 1 | WARN 3 | SKIP 0 | PASS 81 ]
     Error: Test failures
     Execution halted
Flavor: r-release-windows-ix86+x86_64