CRAN Package Check Results for Package cohorttools

Last updated on 2022-05-27 05:52:53 CEST.

Flavor Version Tinstall Tcheck Ttotal Status Flags
r-devel-linux-x86_64-debian-clang 0.1.4 13.46 127.96 141.42 NOTE
r-devel-linux-x86_64-debian-gcc 0.1.4 11.03 93.41 104.44 NOTE
r-devel-linux-x86_64-fedora-clang 0.1.4 164.87 NOTE
r-devel-linux-x86_64-fedora-gcc 0.1.4 160.48 NOTE
r-devel-windows-x86_64 0.1.4 24.00 128.00 152.00 NOTE
r-patched-linux-x86_64 0.1.4 13.53 115.10 128.63 NOTE
r-release-linux-x86_64 0.1.4 8.38 116.34 124.72 NOTE
r-release-macos-arm64 0.1.4 43.00 NOTE
r-release-macos-x86_64 0.1.4 93.00 NOTE
r-release-windows-x86_64 0.1.4 24.00 132.00 156.00 NOTE
r-oldrel-macos-arm64 0.1.4 51.00 NOTE
r-oldrel-macos-x86_64 0.1.4 79.00 NOTE
r-oldrel-windows-ix86+x86_64 0.1.4 37.00 137.00 174.00 NOTE

Check Details

Version: 0.1.4
Check: LazyData
Result: NOTE
     'LazyData' is specified without a 'data' directory
Flavors: r-devel-linux-x86_64-debian-clang, r-devel-linux-x86_64-debian-gcc, r-devel-linux-x86_64-fedora-clang, r-devel-linux-x86_64-fedora-gcc, r-devel-windows-x86_64, r-patched-linux-x86_64, r-release-linux-x86_64, r-release-macos-arm64, r-release-macos-x86_64, r-release-windows-x86_64, r-oldrel-macos-arm64, r-oldrel-macos-x86_64, r-oldrel-windows-ix86+x86_64