CRAN Package Check Results for Package coin

Last updated on 2019-11-21 05:47:43 CET.

Flavor Version Tinstall Tcheck Ttotal Status Flags
r-devel-linux-x86_64-debian-clang 1.3-1 17.24 299.31 316.55 OK
r-devel-linux-x86_64-debian-gcc 1.3-1 14.91 242.23 257.14 OK
r-devel-linux-x86_64-fedora-clang 1.3-1 357.88 OK
r-devel-linux-x86_64-fedora-gcc 1.3-1 350.89 OK
r-devel-windows-ix86+x86_64 1.3-1 43.00 594.00 637.00 OK
r-devel-windows-ix86+x86_64-gcc8 1.3-1 28.00 450.00 478.00 OK
r-patched-linux-x86_64 1.3-1 14.52 285.20 299.72 OK
r-patched-solaris-x86 1.3-1 562.30 OK
r-release-linux-x86_64 1.3-1 16.47 282.11 298.58 OK
r-release-windows-ix86+x86_64 1.3-1 41.00 585.00 626.00 OK
r-release-osx-x86_64 1.3-1 OK
r-oldrel-windows-ix86+x86_64 1.3-1 23.00 590.00 613.00 WARN
r-oldrel-osx-x86_64 1.3-1 WARN

Check Details

Version: 1.3-1
Check: package subdirectories
Result: WARN
    Problems with news in 'inst/NEWS.Rd':
     inst/NEWS.Rd:833: unknown macro '\proglang'
     inst/NEWS.Rd:893: unknown macro '\proglang'
     inst/NEWS.Rd:1034: unknown macro '\proglang'
     inst/NEWS.Rd:1050: unknown macro '\proglang'
     inst/NEWS.Rd:1052: unknown macro '\proglang'
     inst/NEWS.Rd:1057: unknown macro '\proglang'
Flavors: r-oldrel-windows-ix86+x86_64, r-oldrel-osx-x86_64