CRAN Package Check Results for Package coin

Last updated on 2020-07-15 05:47:56 CEST.

Flavor Version Tinstall Tcheck Ttotal Status Flags
r-devel-linux-x86_64-debian-clang 1.3-1 15.95 309.44 325.39 OK
r-devel-linux-x86_64-debian-gcc 1.3-1 13.65 246.06 259.71 OK
r-devel-linux-x86_64-fedora-clang 1.3-1 390.20 OK
r-devel-linux-x86_64-fedora-gcc 1.3-1 380.85 OK
r-devel-windows-ix86+x86_64 1.3-1 45.00 568.00 613.00 OK
r-patched-linux-x86_64 1.3-1 16.87 303.09 319.96 OK
r-patched-solaris-x86 1.3-1 582.10 OK
r-release-linux-x86_64 1.3-1 16.60 302.22 318.82 OK
r-release-macos-x86_64 1.3-1 ERROR
r-release-windows-ix86+x86_64 1.3-1 42.00 467.00 509.00 OK
r-oldrel-macos-x86_64 1.3-1 OK
r-oldrel-windows-ix86+x86_64 1.3-1 42.00 576.00 618.00 OK

Check Details

Version: 1.3-1
Check: whether package can be installed
Result: ERROR
    Installation failed.
Flavor: r-release-macos-x86_64