CRAN Package Check Results for Package collUtils

Last updated on 2024-06-24 06:49:09 CEST.

Flavor Version Tinstall Tcheck Ttotal Status Flags
r-devel-linux-x86_64-debian-clang 1.0.5 27.61 43.26 70.87 OK
r-devel-linux-x86_64-debian-gcc 1.0.5 18.37 31.80 50.17 OK
r-devel-linux-x86_64-fedora-clang 1.0.5 105.33 NOTE
r-devel-linux-x86_64-fedora-gcc 1.0.5 99.81 NOTE
r-devel-windows-x86_64 1.0.5 23.00 68.00 91.00 OK
r-patched-linux-x86_64 1.0.5 22.50 41.28 63.78 OK
r-release-linux-x86_64 1.0.5 22.59 41.35 63.94 OK
r-release-macos-arm64 1.0.5 28.00 OK
r-release-macos-x86_64 1.0.5 41.00 OK
r-release-windows-x86_64 1.0.5 24.00 73.00 97.00 OK
r-oldrel-macos-arm64 1.0.5 34.00 OK
r-oldrel-macos-x86_64 1.0.5 48.00 OK
r-oldrel-windows-x86_64 1.0.5 25.00 78.00 103.00 OK

Check Details

Version: 1.0.5
Check: compiled code
Result: NOTE File ‘collUtils/libs/collUtils.so’: Found no calls to: ‘R_registerRoutines’, ‘R_useDynamicSymbols’ It is good practice to register native routines and to disable symbol search. See ‘Writing portable packages’ in the ‘Writing R Extensions’ manual. Flavors: r-devel-linux-x86_64-fedora-clang, r-devel-linux-x86_64-fedora-gcc