CRAN Package Check Results for Package collapse

Last updated on 2021-04-10 05:48:31 CEST.

Flavor Version Tinstall Tcheck Ttotal Status Flags
r-devel-linux-x86_64-debian-clang 1.5.3 327.59 193.92 521.51 OK
r-devel-linux-x86_64-debian-gcc 1.5.3 242.29 141.30 383.59 OK
r-devel-linux-x86_64-fedora-clang 1.5.3 724.92 OK
r-devel-linux-x86_64-fedora-gcc 1.5.3 690.23 OK
r-devel-windows-ix86+x86_64 1.5.3 709.00 227.00 936.00 NOTE
r-devel-windows-x86_64-gcc10-UCRT 1.5.3 OK
r-patched-linux-x86_64 1.5.3 287.48 174.81 462.29 OK
r-patched-solaris-x86 1.5.3 633.80 OK
r-release-linux-x86_64 1.5.3 OK
r-release-macos-x86_64 1.5.3 NOTE
r-release-windows-ix86+x86_64 1.5.3 574.00 311.00 885.00 NOTE
r-oldrel-macos-x86_64 1.5.3 NOTE
r-oldrel-windows-ix86+x86_64 1.5.3 730.00 281.00 1011.00 NOTE

Check Details

Version: 1.5.3
Check: installed package size
Result: NOTE
     installed size is 7.1Mb
     sub-directories of 1Mb or more:
     libs 5.1Mb
Flavors: r-devel-windows-ix86+x86_64, r-release-macos-x86_64, r-release-windows-ix86+x86_64, r-oldrel-macos-x86_64, r-oldrel-windows-ix86+x86_64