CRAN Package Check Results for Package collidr

Last updated on 2021-11-29 05:49:41 CET.

Flavor Version Tinstall Tcheck Ttotal Status Flags
r-devel-linux-x86_64-debian-clang 0.1.3 OK
r-devel-linux-x86_64-debian-gcc 0.1.3 6.48 42.33 48.81 OK
r-devel-linux-x86_64-fedora-clang 0.1.3 87.42 NOTE
r-devel-linux-x86_64-fedora-gcc 0.1.3 73.42 NOTE
r-devel-windows-x86_64-new-UL 0.1.3 15.00 98.00 113.00 OK
r-devel-windows-x86_64-new-TK 0.1.3 NOTE
r-devel-windows-x86_64-old 0.1.3 9.00 77.00 86.00 OK
r-patched-linux-x86_64 0.1.3 6.99 51.11 58.10 OK
r-patched-solaris-x86 0.1.3 115.20 NOTE
r-release-linux-x86_64 0.1.3 7.67 50.82 58.49 OK
r-release-macos-arm64 0.1.3 NOTE
r-release-macos-x86_64 0.1.3 NOTE
r-release-windows-ix86+x86_64 0.1.3 16.00 54.00 70.00 OK
r-oldrel-macos-x86_64 0.1.3 NOTE
r-oldrel-windows-ix86+x86_64 0.1.3 26.00 72.00 98.00 OK

Check Details

Version: 0.1.3
Check: data for non-ASCII characters
Result: NOTE
     Note: found 4186 marked UTF-8 strings
Flavors: r-devel-linux-x86_64-fedora-clang, r-devel-linux-x86_64-fedora-gcc, r-devel-windows-x86_64-new-TK, r-patched-solaris-x86, r-release-macos-arm64, r-release-macos-x86_64, r-oldrel-macos-x86_64