CRAN Package Check Results for Package colocr

Last updated on 2019-08-23 05:46:51 CEST.

Flavor Version Tinstall Tcheck Ttotal Status Flags
r-devel-linux-x86_64-debian-clang 0.1.0 3.48 205.05 208.53 OK
r-devel-linux-x86_64-debian-gcc 0.1.0 3.59 143.71 147.30 OK
r-devel-linux-x86_64-fedora-clang 0.1.0 256.58 OK
r-devel-linux-x86_64-fedora-gcc 0.1.0 234.31 OK
r-devel-windows-ix86+x86_64 0.1.0 20.00 300.00 320.00 OK
r-patched-linux-x86_64 0.1.0 3.72 192.71 196.43 OK
r-patched-solaris-x86 0.1.0 375.60 ERROR
r-release-linux-x86_64 0.1.0 3.96 189.15 193.11 OK
r-release-windows-ix86+x86_64 0.1.0 15.00 303.00 318.00 OK
r-release-osx-x86_64 0.1.0 ERROR
r-oldrel-windows-ix86+x86_64 0.1.0 9.00 311.00 320.00 OK
r-oldrel-osx-x86_64 0.1.0 ERROR

Check Details

Version: 0.1.0
Check: tests
Result: ERROR
     Running ‘testthat.R’ [130s/155s]
    Running the tests in ‘tests/testthat.R’ failed.
    Complete output:
     > library(testthat)
     > library(shinytest)
     shinytest requires a headless web browser (PhantomJS) to record and run tests.
     To install it, run shinytest::installDependencies()
     If it is installed, please make sure the phantomjs executable can be found via the PATH variable.
     > library(colocr)
     >
     > test_check("colocr")
     ── 1. Failure: the app results are reproduced faithfuly (@test-reproduce_app.R#3
     all.equal(...) isn't true.
    
     ── 2. Failure: the app results are reproduced faithfuly (@test-reproduce_app.R#3
     all.equal(...) isn't true.
    
     ── 3. Failure: the app results are reproduced using imager only (@test-reproduce
     all.equal(round(stats$pcc, 3), round(unlist(corr), 3)) isn't true.
    
     ── 4. Failure: the app results are reproduced using imager only (@test-reproduce
     all.equal(round(stats$moc, 3), round(unlist(corr), 3)) isn't true.
    
     ══ testthat results ═══════════════════════════════════════════════════════════
     [ OK: 38 | SKIPPED: 1 | WARNINGS: 0 | FAILED: 4 ]
     1. Failure: the app results are reproduced faithfuly (@test-reproduce_app.R#32)
     2. Failure: the app results are reproduced faithfuly (@test-reproduce_app.R#35)
     3. Failure: the app results are reproduced using imager only (@test-reproduce_app.R#126)
     4. Failure: the app results are reproduced using imager only (@test-reproduce_app.R#145)
    
     Error: testthat unit tests failed
     Execution halted
Flavor: r-patched-solaris-x86

Version: 0.1.0
Check: tests
Result: ERROR
     Running ‘testthat.R’ [69s/69s]
    Running the tests in ‘tests/testthat.R’ failed.
    Last 13 lines of output:
     ── 3. Failure: the app results are reproduced using imager only (@test-reproduce
     all.equal(round(stats$pcc, 3), round(unlist(corr), 3)) isn't true.
    
     ── 4. Failure: the app results are reproduced using imager only (@test-reproduce
     all.equal(round(stats$moc, 3), round(unlist(corr), 3)) isn't true.
    
     ══ testthat results ═══════════════════════════════════════════════════════════
     [ OK: 38 | SKIPPED: 1 | WARNINGS: 0 | FAILED: 4 ]
     1. Failure: the app results are reproduced faithfuly (@test-reproduce_app.R#32)
     2. Failure: the app results are reproduced faithfuly (@test-reproduce_app.R#35)
     3. Failure: the app results are reproduced using imager only (@test-reproduce_app.R#126)
     4. Failure: the app results are reproduced using imager only (@test-reproduce_app.R#145)
    
     Error: testthat unit tests failed
     Execution halted
Flavor: r-release-osx-x86_64

Version: 0.1.0
Check: tests
Result: ERROR
     Running ‘testthat.R’ [74s/74s]
    Running the tests in ‘tests/testthat.R’ failed.
    Last 13 lines of output:
     ── 3. Failure: the app results are reproduced using imager only (@test-reproduce
     all.equal(round(stats$pcc, 3), round(unlist(corr), 3)) isn't true.
    
     ── 4. Failure: the app results are reproduced using imager only (@test-reproduce
     all.equal(round(stats$moc, 3), round(unlist(corr), 3)) isn't true.
    
     ══ testthat results ═══════════════════════════════════════════════════════════
     [ OK: 38 | SKIPPED: 1 | WARNINGS: 0 | FAILED: 4 ]
     1. Failure: the app results are reproduced faithfuly (@test-reproduce_app.R#32)
     2. Failure: the app results are reproduced faithfuly (@test-reproduce_app.R#35)
     3. Failure: the app results are reproduced using imager only (@test-reproduce_app.R#126)
     4. Failure: the app results are reproduced using imager only (@test-reproduce_app.R#145)
    
     Error: testthat unit tests failed
     Execution halted
Flavor: r-oldrel-osx-x86_64