CRAN Package Check Results for Package compas

Last updated on 2019-08-19 05:46:21 CEST.

Flavor Version Tinstall Tcheck Ttotal Status Flags
r-devel-linux-x86_64-debian-clang 0.1 80.29 24.65 104.94 OK
r-devel-linux-x86_64-debian-gcc 0.1 72.64 21.99 94.63 OK
r-devel-linux-x86_64-fedora-clang 0.1 160.83 NOTE
r-devel-linux-x86_64-fedora-gcc 0.1 164.15 OK
r-devel-windows-ix86+x86_64 0.1 189.00 77.00 266.00 OK
r-patched-linux-x86_64 0.1 85.04 26.74 111.78 OK
r-patched-solaris-x86 0.1 156.50 OK
r-release-linux-x86_64 0.1 84.74 26.84 111.58 OK
r-release-windows-ix86+x86_64 0.1 127.00 54.00 181.00 OK
r-release-osx-x86_64 0.1 NOTE
r-oldrel-windows-ix86+x86_64 0.1 173.00 73.00 246.00 OK
r-oldrel-osx-x86_64 0.1 NOTE

Check Details

Version: 0.1
Check: installed package size
Result: NOTE
     installed size is 28.0Mb
     sub-directories of 1Mb or more:
     R 1.5Mb
     libs 26.4Mb
Flavors: r-devel-linux-x86_64-fedora-clang, r-release-osx-x86_64, r-oldrel-osx-x86_64