CRAN Package Check Results for Package compas

Last updated on 2019-12-09 05:47:08 CET.

Flavor Version Tinstall Tcheck Ttotal Status Flags
r-devel-linux-x86_64-debian-clang 0.1 88.21 25.35 113.56 OK
r-devel-linux-x86_64-debian-gcc 0.1 71.24 22.87 94.11 OK
r-devel-linux-x86_64-fedora-clang 0.1 162.65 NOTE
r-devel-linux-x86_64-fedora-gcc 0.1 164.45 OK
r-devel-windows-ix86+x86_64 0.1 141.00 76.00 217.00 OK
r-devel-windows-ix86+x86_64-gcc8 0.1 177.00 64.00 241.00 OK
r-patched-linux-x86_64 0.1 88.22 26.18 114.40 OK
r-patched-solaris-x86 0.1 148.40 OK
r-release-linux-x86_64 0.1 85.49 26.01 111.50 OK
r-release-windows-ix86+x86_64 0.1 178.00 58.00 236.00 OK
r-release-osx-x86_64 0.1 NOTE
r-oldrel-windows-ix86+x86_64 0.1 124.00 76.00 200.00 OK
r-oldrel-osx-x86_64 0.1 NOTE

Check Details

Version: 0.1
Check: installed package size
Result: NOTE
     installed size is 28.0Mb
     sub-directories of 1Mb or more:
     R 1.5Mb
     libs 26.4Mb
Flavors: r-devel-linux-x86_64-fedora-clang, r-release-osx-x86_64, r-oldrel-osx-x86_64