CRAN Package Check Results for Package concatipede

Last updated on 2024-06-13 06:57:57 CEST.

Flavor Version Tinstall Tcheck Ttotal Status Flags
r-devel-linux-x86_64-debian-clang 1.0.1 3.68 57.90 61.58 OK
r-devel-linux-x86_64-debian-gcc 1.0.1 0.55 1.94 2.49 ERROR
r-devel-linux-x86_64-fedora-clang 1.0.1 79.44 OK
r-devel-linux-x86_64-fedora-gcc 1.0.1 87.11 OK
r-devel-windows-x86_64 1.0.1 5.00 65.00 70.00 OK
r-patched-linux-x86_64 1.0.1 4.03 62.39 66.42 OK
r-release-linux-x86_64 1.0.1 3.25 63.04 66.29 OK
r-release-macos-arm64 1.0.1 34.00 OK
r-release-macos-x86_64 1.0.1 49.00 OK
r-release-windows-x86_64 1.0.1 5.00 65.00 70.00 OK
r-oldrel-macos-arm64 1.0.1 35.00 OK
r-oldrel-macos-x86_64 1.0.1 51.00 OK
r-oldrel-windows-x86_64 1.0.1 6.00 72.00 78.00 OK

Check Details

Version: 1.0.1
Check: package dependencies
Result: ERROR Packages required but not available: 'dplyr', 'igraph', 'tibble', 'readxl', 'stringr' Packages suggested but not available for checking: 'tidyverse', 'testthat' See section ‘The DESCRIPTION file’ in the ‘Writing R Extensions’ manual. Flavor: r-devel-linux-x86_64-debian-gcc