CRAN Package Check Results for Package concordance

Last updated on 2021-11-27 05:49:33 CET.

Flavor Version Tinstall Tcheck Ttotal Status Flags
r-devel-linux-x86_64-debian-clang 2.0.0 OK
r-devel-linux-x86_64-debian-gcc 2.0.0 9.72 49.63 59.35 OK
r-devel-linux-x86_64-fedora-clang 2.0.0 104.00 NOTE
r-devel-linux-x86_64-fedora-gcc 2.0.0 92.00 NOTE
r-devel-windows-x86_64-new-UL 2.0.0 31.00 115.00 146.00 OK
r-devel-windows-x86_64-new-TK 2.0.0 NOTE
r-devel-windows-x86_64-old 2.0.0 18.00 98.00 116.00 OK
r-patched-linux-x86_64 2.0.0 13.00 60.37 73.37 OK
r-patched-solaris-x86 2.0.0 133.00 NOTE
r-release-linux-x86_64 2.0.0 OK
r-release-macos-arm64 2.0.0 NOTE
r-release-macos-x86_64 2.0.0 NOTE
r-release-windows-ix86+x86_64 2.0.0 24.00 66.00 90.00 OK
r-oldrel-macos-x86_64 2.0.0 NOTE
r-oldrel-windows-ix86+x86_64 2.0.0 27.00 85.00 112.00 OK

Check Details

Version: 2.0.0
Check: data for non-ASCII characters
Result: NOTE
     Note: found 92 marked UTF-8 strings
Flavors: r-devel-linux-x86_64-fedora-clang, r-devel-linux-x86_64-fedora-gcc, r-devel-windows-x86_64-new-TK, r-patched-solaris-x86, r-release-macos-arm64, r-release-macos-x86_64, r-oldrel-macos-x86_64