CRAN Package Check Results for Package convertr

Last updated on 2022-05-25 05:53:35 CEST.

Flavor Version Tinstall Tcheck Ttotal Status Flags
r-devel-linux-x86_64-debian-clang 0.1 2.30 32.99 35.29 NOTE
r-devel-linux-x86_64-debian-gcc 0.1 1.30 25.57 26.87 NOTE
r-devel-linux-x86_64-fedora-clang 0.1 42.44 NOTE
r-devel-linux-x86_64-fedora-gcc 0.1 41.98 NOTE
r-devel-windows-x86_64 0.1 11.00 48.00 59.00 NOTE
r-patched-linux-x86_64 0.1 2.40 31.56 33.96 NOTE
r-release-linux-x86_64 0.1 NOTE
r-release-macos-arm64 0.1 23.00 NOTE
r-release-macos-x86_64 0.1 29.00 NOTE
r-release-windows-x86_64 0.1 11.00 48.00 59.00 NOTE
r-oldrel-macos-arm64 0.1 20.00 NOTE
r-oldrel-macos-x86_64 0.1 26.00 NOTE
r-oldrel-windows-ix86+x86_64 0.1 5.00 42.00 47.00 NOTE

Check Details

Version: 0.1
Check: LazyData
Result: NOTE
     'LazyData' is specified without a 'data' directory
Flavors: r-devel-linux-x86_64-debian-clang, r-devel-linux-x86_64-debian-gcc, r-devel-linux-x86_64-fedora-clang, r-devel-linux-x86_64-fedora-gcc, r-devel-windows-x86_64, r-patched-linux-x86_64, r-release-linux-x86_64, r-release-macos-arm64, r-release-macos-x86_64, r-release-windows-x86_64, r-oldrel-macos-arm64, r-oldrel-macos-x86_64, r-oldrel-windows-ix86+x86_64