CRAN Package Check Results for Package cord

Last updated on 2024-06-24 06:49:09 CEST.

Flavor Version Tinstall Tcheck Ttotal Status Flags
r-devel-linux-x86_64-debian-clang 0.1.1 45.23 28.27 73.50 OK
r-devel-linux-x86_64-debian-gcc 0.1.1 28.61 21.60 50.21 OK
r-devel-linux-x86_64-fedora-clang 0.1.1 109.05 NOTE
r-devel-linux-x86_64-fedora-gcc 0.1.1 107.79 NOTE
r-devel-windows-x86_64 0.1.1 37.00 61.00 98.00 OK
r-patched-linux-x86_64 0.1.1 30.72 26.82 57.54 OK
r-release-linux-x86_64 0.1.1 34.58 26.88 61.46 OK
r-release-macos-arm64 0.1.1 26.00 OK
r-release-macos-x86_64 0.1.1 35.00 OK
r-release-windows-x86_64 0.1.1 37.00 61.00 98.00 OK
r-oldrel-macos-arm64 0.1.1 28.00 OK
r-oldrel-macos-x86_64 0.1.1 44.00 OK
r-oldrel-windows-x86_64 0.1.1 44.00 70.00 114.00 OK

Check Details

Version: 0.1.1
Check: compiled code
Result: NOTE File ‘cord/libs/cord.so’: Found no calls to: ‘R_registerRoutines’, ‘R_useDynamicSymbols’ It is good practice to register native routines and to disable symbol search. See ‘Writing portable packages’ in the ‘Writing R Extensions’ manual. Flavors: r-devel-linux-x86_64-fedora-clang, r-devel-linux-x86_64-fedora-gcc