CRAN Package Check Results for Package cord

Last updated on 2022-08-10 05:54:46 CEST.

Flavor Version Tinstall Tcheck Ttotal Status Flags
r-devel-linux-x86_64-debian-clang 0.1.1 41.16 26.87 68.03 OK
r-devel-linux-x86_64-debian-gcc 0.1.1 30.69 21.31 52.00 OK
r-devel-linux-x86_64-fedora-clang 0.1.1 110.14 NOTE
r-devel-linux-x86_64-fedora-gcc 0.1.1 99.04 NOTE
r-devel-windows-x86_64 0.1.1 34.00 70.00 104.00 OK
r-patched-linux-x86_64 0.1.1 33.16 26.24 59.40 OK
r-release-linux-x86_64 0.1.1 OK
r-release-macos-arm64 0.1.1 26.00 OK
r-release-macos-x86_64 0.1.1 35.00 OK
r-release-windows-x86_64 0.1.1 38.00 74.00 112.00 OK
r-oldrel-macos-arm64 0.1.1 31.00 OK
r-oldrel-macos-x86_64 0.1.1 56.00 OK
r-oldrel-windows-ix86+x86_64 0.1.1 103.00 72.00 175.00 OK

Check Details

Version: 0.1.1
Check: compiled code
Result: NOTE
    File ‘cord/libs/cord.so’:
     Found no calls to: ‘R_registerRoutines’, ‘R_useDynamicSymbols’
    
    It is good practice to register native routines and to disable symbol
    search.
    
    See ‘Writing portable packages’ in the ‘Writing R Extensions’ manual.
Flavors: r-devel-linux-x86_64-fedora-clang, r-devel-linux-x86_64-fedora-gcc