CRAN Package Check Results for Package corporaexplorer

Last updated on 2021-12-08 05:58:34 CET.

Flavor Version Tinstall Tcheck Ttotal Status Flags
r-devel-linux-x86_64-debian-clang 0.8.4 3.58 49.63 53.21 OK
r-devel-linux-x86_64-debian-gcc 0.8.4 2.82 38.14 40.96 OK
r-devel-linux-x86_64-fedora-clang 0.8.4 66.33 NOTE
r-devel-linux-x86_64-fedora-gcc 0.8.4 52.90 NOTE
r-devel-windows-x86_64-new-UL 0.8.4 15.00 79.00 94.00 OK
r-devel-windows-x86_64-new-TK 0.8.4 NOTE
r-devel-windows-x86_64-old 0.8.4 7.00 65.00 72.00 OK
r-patched-linux-x86_64 0.8.4 3.16 46.09 49.25 OK
r-release-linux-x86_64 0.8.4 3.28 46.56 49.84 OK
r-release-macos-arm64 0.8.4 NOTE
r-release-macos-x86_64 0.8.4 NOTE
r-release-windows-ix86+x86_64 0.8.4 7.00 52.00 59.00 OK
r-oldrel-macos-x86_64 0.8.4 NOTE
r-oldrel-windows-ix86+x86_64 0.8.4 9.00 58.00 67.00 OK

Check Details

Version: 0.8.4
Check: dependencies in R code
Result: NOTE
    Namespaces in Imports field not imported from:
     ‘RColorBrewer’ ‘ggplot2’ ‘rmarkdown’ ‘shinyWidgets’ ‘shinydashboard’
     ‘shinyjs’
     All declared Imports should be used.
Flavors: r-devel-linux-x86_64-fedora-clang, r-devel-linux-x86_64-fedora-gcc, r-devel-windows-x86_64-new-TK, r-release-macos-arm64, r-release-macos-x86_64, r-oldrel-macos-x86_64