CRAN Package Check Results for Package corporaexplorer

Last updated on 2019-12-08 05:48:21 CET.

Flavor Version Tinstall Tcheck Ttotal Status Flags
r-devel-linux-x86_64-debian-clang 0.8.0 3.24 38.56 41.80 OK
r-devel-linux-x86_64-debian-gcc 0.8.0 2.88 28.68 31.56 OK
r-devel-linux-x86_64-fedora-clang 0.8.0 48.96 NOTE
r-devel-linux-x86_64-fedora-gcc 0.8.0 45.34 NOTE
r-devel-windows-ix86+x86_64 0.8.0 14.00 64.00 78.00 OK
r-devel-windows-ix86+x86_64-gcc8 0.7.0 12.00 44.00 56.00 OK
r-patched-linux-x86_64 0.8.0 2.98 34.76 37.74 OK
r-patched-solaris-x86 0.8.0 59.20 NOTE
r-release-linux-x86_64 0.8.0 2.78 34.91 37.69 OK
r-release-windows-ix86+x86_64 0.8.0 12.00 67.00 79.00 OK
r-release-osx-x86_64 0.8.0 NOTE
r-oldrel-windows-ix86+x86_64 0.8.0 4.00 48.00 52.00 OK
r-oldrel-osx-x86_64 0.8.0 NOTE

Check Details

Version: 0.8.0
Check: dependencies in R code
Result: NOTE
    Namespaces in Imports field not imported from:
     ‘RColorBrewer’ ‘forcats’ ‘ggplot2’ ‘re2r’ ‘rmarkdown’ ‘shinyWidgets’
     ‘shinycssloaders’ ‘shinydashboard’ ‘shinyjs’ ‘zoo’
     All declared Imports should be used.
Flavors: r-devel-linux-x86_64-fedora-clang, r-devel-linux-x86_64-fedora-gcc, r-patched-solaris-x86, r-release-osx-x86_64, r-oldrel-osx-x86_64