CRAN Package Check Results for Package correlationfunnel

Last updated on 2021-12-06 05:53:06 CET.

Flavor Version Tinstall Tcheck Ttotal Status Flags
r-devel-linux-x86_64-debian-clang 0.2.0 14.45 165.97 180.42 OK
r-devel-linux-x86_64-debian-gcc 0.2.0 13.86 128.88 142.74 OK
r-devel-linux-x86_64-fedora-clang 0.2.0 220.75 NOTE
r-devel-linux-x86_64-fedora-gcc 0.2.0 204.67 NOTE
r-devel-windows-x86_64-new-UL 0.2.0 31.00 215.00 246.00 OK
r-devel-windows-x86_64-new-TK 0.2.0 NOTE
r-devel-windows-x86_64-old 0.2.0 24.00 150.00 174.00 OK
r-patched-linux-x86_64 0.2.0 10.02 153.57 163.59 OK
r-release-linux-x86_64 0.2.0 12.67 161.06 173.73 OK
r-release-macos-arm64 0.2.0 NOTE
r-release-macos-x86_64 0.2.0 NOTE
r-release-windows-ix86+x86_64 0.2.0 34.00 196.00 230.00 OK
r-oldrel-macos-x86_64 0.2.0 NOTE
r-oldrel-windows-ix86+x86_64 0.2.0 34.00 204.00 238.00 OK

Check Details

Version: 0.2.0
Check: dependencies in R code
Result: NOTE
    Namespace in Imports field not imported from: ‘utils’
     All declared Imports should be used.
Flavors: r-devel-linux-x86_64-fedora-clang, r-devel-linux-x86_64-fedora-gcc, r-devel-windows-x86_64-new-TK, r-release-macos-arm64, r-release-macos-x86_64, r-oldrel-macos-x86_64