CRAN Package Check Results for Package countfitteR

Last updated on 2024-06-13 06:57:57 CEST.

Flavor Version Tinstall Tcheck Ttotal Status Flags
r-devel-linux-x86_64-debian-clang 1.4 6.73 95.92 102.65 NOTE
r-devel-linux-x86_64-debian-gcc 1.4 0.58 1.84 2.42 ERROR
r-devel-linux-x86_64-fedora-clang 1.4 127.47 NOTE
r-devel-linux-x86_64-fedora-gcc 1.4 130.51 NOTE
r-devel-windows-x86_64 1.4 8.00 86.00 94.00 NOTE
r-patched-linux-x86_64 1.4 6.15 90.32 96.47 NOTE
r-release-linux-x86_64 1.4 6.38 88.93 95.31 NOTE
r-release-macos-arm64 1.4 43.00 NOTE
r-release-macos-x86_64 1.4 64.00 NOTE
r-release-windows-x86_64 1.4 8.00 86.00 94.00 NOTE
r-oldrel-macos-arm64 1.4 40.00 OK
r-oldrel-macos-x86_64 1.4 64.00 OK
r-oldrel-windows-x86_64 1.4 12.00 102.00 114.00 OK

Check Details

Version: 1.4
Check: Rd files
Result: NOTE checkRd: (-1) summary_fitlist.Rd:15: Lost braces in \itemize; \value handles \item{}{} directly checkRd: (-1) summary_fitlist.Rd:16: Lost braces in \itemize; \value handles \item{}{} directly checkRd: (-1) summary_fitlist.Rd:17: Lost braces in \itemize; \value handles \item{}{} directly checkRd: (-1) summary_fitlist.Rd:18: Lost braces in \itemize; \value handles \item{}{} directly checkRd: (-1) summary_fitlist.Rd:19: Lost braces in \itemize; \value handles \item{}{} directly Flavors: r-devel-linux-x86_64-debian-clang, r-devel-linux-x86_64-fedora-clang, r-devel-linux-x86_64-fedora-gcc, r-devel-windows-x86_64, r-patched-linux-x86_64, r-release-linux-x86_64, r-release-macos-arm64, r-release-macos-x86_64, r-release-windows-x86_64

Version: 1.4
Check: package dependencies
Result: ERROR Package required but not available: ‘ggplot2’ Packages suggested but not available for checking: 'dplyr', 'reshape2', 'testthat' See section ‘The DESCRIPTION file’ in the ‘Writing R Extensions’ manual. Flavor: r-devel-linux-x86_64-debian-gcc