Last updated on 2019-12-14 05:47:25 CET.
Flavor | Version | Tinstall | Tcheck | Ttotal | Status | Flags |
---|---|---|---|---|---|---|
r-devel-linux-x86_64-debian-clang | 0.4.4 | 25.71 | 28.97 | 54.68 | OK | |
r-devel-linux-x86_64-debian-gcc | 0.4.4 | 21.32 | 23.77 | 45.09 | OK | |
r-devel-linux-x86_64-fedora-clang | 0.4.4 | 69.42 | NOTE | |||
r-devel-linux-x86_64-fedora-gcc | 0.4.4 | 73.45 | OK | |||
r-devel-windows-ix86+x86_64 | 0.4.4 | 44.00 | 90.00 | 134.00 | OK | |
r-devel-windows-ix86+x86_64-gcc8 | 0.4.4 | 62.00 | 86.00 | 148.00 | OK | |
r-patched-linux-x86_64 | 0.4.4 | 23.17 | 27.08 | 50.25 | OK | |
r-patched-solaris-x86 | 0.4.4 | 71.80 | OK | |||
r-release-linux-x86_64 | 0.4.4 | 24.98 | 26.99 | 51.97 | OK | |
r-release-windows-ix86+x86_64 | 0.4.4 | 41.00 | 59.00 | 100.00 | OK | |
r-release-osx-x86_64 | 0.4.4 | NOTE | ||||
r-oldrel-windows-ix86+x86_64 | 0.4.4 | 36.00 | 54.00 | 90.00 | OK | |
r-oldrel-osx-x86_64 | 0.4.4 | NOTE |
Version: 0.4.4
Check: installed package size
Result: NOTE
installed size is 8.9Mb
sub-directories of 1Mb or more:
libs 8.3Mb
Flavors: r-devel-linux-x86_64-fedora-clang, r-release-osx-x86_64, r-oldrel-osx-x86_64