CRAN Package Check Results for Package covafillr

Last updated on 2019-08-22 05:46:57 CEST.

Flavor Version Tinstall Tcheck Ttotal Status Flags
r-devel-linux-x86_64-debian-clang 0.4.3 22.08 24.73 46.81 OK
r-devel-linux-x86_64-debian-gcc 0.4.3 21.91 20.49 42.40 OK
r-devel-linux-x86_64-fedora-clang 0.4.3 63.12 NOTE
r-devel-linux-x86_64-fedora-gcc 0.4.3 71.16 OK
r-devel-windows-ix86+x86_64 0.4.3 50.00 68.00 118.00 OK
r-patched-linux-x86_64 0.4.3 22.67 25.43 48.10 OK
r-patched-solaris-x86 0.4.3 66.90 OK
r-release-linux-x86_64 0.4.3 23.19 25.38 48.57 OK
r-release-windows-ix86+x86_64 0.4.3 56.00 79.00 135.00 OK
r-release-osx-x86_64 0.4.3 NOTE
r-oldrel-windows-ix86+x86_64 0.4.3 48.00 80.00 128.00 OK
r-oldrel-osx-x86_64 0.4.3 NOTE

Check Details

Version: 0.4.3
Check: installed package size
Result: NOTE
     installed size is 8.9Mb
     sub-directories of 1Mb or more:
     libs 8.3Mb
Flavors: r-devel-linux-x86_64-fedora-clang, r-release-osx-x86_64, r-oldrel-osx-x86_64